{"id":110,"date":"2021-06-28T14:46:31","date_gmt":"2021-06-28T12:46:31","guid":{"rendered":"http:\/\/afb26.org\/?page_id=110"},"modified":"2026-01-22T10:34:44","modified_gmt":"2026-01-22T09:34:44","slug":"le-point-info-famille-pif","status":"publish","type":"page","link":"https:\/\/afb26.org\/?page_id=110","title":{"rendered":"La parentalit\u00e9"},"content":{"rendered":"\n<h2 class=\"wp-block-heading\">\u00catre parent dans les Baronnies<\/h2>\n\n\n\n<div class=\"wp-block-columns is-layout-flex wp-container-core-columns-is-layout-9d6595d7 wp-block-columns-is-layout-flex\">\n<div class=\"wp-block-column is-layout-flow wp-block-column-is-layout-flow\">\n<figure class=\"wp-block-image size-large\"><a href=\"https:\/\/afb26.org\/?p=6644\"><img loading=\"lazy\" decoding=\"async\" width=\"819\" height=\"1024\" src=\"https:\/\/afb26.org\/wp-content\/uploads\/2025\/10\/Atelier-cuisine-Janvier-2026-819x1024.png\" alt=\"\" class=\"wp-image-7091\" srcset=\"https:\/\/afb26.org\/wp-content\/uploads\/2025\/10\/Atelier-cuisine-Janvier-2026-819x1024.png 819w, https:\/\/afb26.org\/wp-content\/uploads\/2025\/10\/Atelier-cuisine-Janvier-2026-240x300.png 240w, https:\/\/afb26.org\/wp-content\/uploads\/2025\/10\/Atelier-cuisine-Janvier-2026-768x960.png 768w, https:\/\/afb26.org\/wp-content\/uploads\/2025\/10\/Atelier-cuisine-Janvier-2026.png 1080w\" sizes=\"auto, (max-width: 819px) 100vw, 819px\" \/><\/a><\/figure>\n<\/div>\n\n\n\n<div class=\"wp-block-column is-layout-flow wp-block-column-is-layout-flow\">\n<figure class=\"wp-block-image size-large\"><a href=\"https:\/\/afb26.org\/?p=6882\"><img loading=\"lazy\" decoding=\"async\" width=\"819\" height=\"1024\" src=\"https:\/\/afb26.org\/wp-content\/uploads\/2026\/01\/Sport-en-famille-fev-juin-2026-Instagram-45-819x1024.png\" alt=\"\" class=\"wp-image-7220\" srcset=\"https:\/\/afb26.org\/wp-content\/uploads\/2026\/01\/Sport-en-famille-fev-juin-2026-Instagram-45-819x1024.png 819w, https:\/\/afb26.org\/wp-content\/uploads\/2026\/01\/Sport-en-famille-fev-juin-2026-Instagram-45-240x300.png 240w, https:\/\/afb26.org\/wp-content\/uploads\/2026\/01\/Sport-en-famille-fev-juin-2026-Instagram-45-768x960.png 768w, https:\/\/afb26.org\/wp-content\/uploads\/2026\/01\/Sport-en-famille-fev-juin-2026-Instagram-45.png 1080w\" sizes=\"auto, (max-width: 819px) 100vw, 819px\" \/><\/a><\/figure>\n<\/div>\n\n\n\n<div class=\"wp-block-column is-layout-flow wp-block-column-is-layout-flow\">\n<figure class=\"wp-block-gallery has-nested-images columns-default is-cropped wp-block-gallery-1 is-layout-flex wp-block-gallery-is-layout-flex\"><\/figure>\n<\/div>\n<\/div>\n\n\n\n<div class=\"wp-block-columns is-layout-flex wp-container-core-columns-is-layout-9d6595d7 wp-block-columns-is-layout-flex\">\n<div class=\"wp-block-column is-layout-flow wp-block-column-is-layout-flow\"><\/div>\n\n\n\n<div class=\"wp-block-column is-layout-flow wp-block-column-is-layout-flow\"><\/div>\n\n\n\n<div class=\"wp-block-column is-layout-flow wp-block-column-is-layout-flow\"><\/div>\n<\/div>\n\n\n\n<p><em>\u00ab&nbsp;\u00catre parent dans les Baronnies&nbsp;\u00bb est un projet global de soutien \u00e0 la parentalit\u00e9 port\u00e9 par le centre social AFB, en partenariat avec la CAF, la MSA, l\u2019UDAF et la Mairie de Buis-les-Baronnies. Ce projet s\u2019adresse \u00e0 tous les parents du pays de Buis. Ses objectifs sont de contribuer \u00e0 l\u2019\u00e9panouissement des personnes dans leur r\u00f4le de parents ou grands-parents, valoriser les comp\u00e9tences parentales et leur diversit\u00e9, apporter un soutien aux familles isol\u00e9es, favoriser les temps d\u2019\u00e9changes entre les parents et sensibiliser \u00e0 la notion de r\u00e9pit parental. Il est pens\u00e9 \u00e0 partir des besoins exprim\u00e9s \u00e0 travers nos \u00e9changes avec les familles et les partenaires, n\u2019h\u00e9sitez donc pas \u00e0 venir nous faire part de vos id\u00e9es, difficult\u00e9s, envies&#8230; pour que nous r\u00e9fl\u00e9chissions ensemble&nbsp;\u00e0 nos futures actions !<\/em><\/p>\n\n\n\n<p>Flavie BOUTILLOT, R\u00e9f\u00e9rente Famille<br>T\u00e9l. <strong>06 73 65 51 17<\/strong><br>Email : <strong><a href=\"mailto:responsable.alsh@afb26.org\">referente.famille@afb26.org<\/a><\/strong><\/p>\n\n\n\n<p><strong>Pour les inscriptions aux activit\u00e9s, contactez l&#8217;accueil du centre social au 04.75.28.17.28<\/strong><\/p>\n\n\n\n<p><\/p>\n","protected":false},"excerpt":{"rendered":"<p>\u00catre parent dans les Baronnies \u00ab&nbsp;\u00catre parent dans les Baronnies&nbsp;\u00bb est un projet global de soutien \u00e0 la parentalit\u00e9 port\u00e9 par le centre social AFB, en partenariat avec la CAF, la MSA, l\u2019UDAF et la Mairie de Buis-les-Baronnies. Ce projet s\u2019adresse \u00e0 tous les parents du pays de Buis. Ses objectifs sont de contribuer \u00e0 &hellip;<\/p>\n","protected":false},"author":5,"featured_media":0,"parent":296,"menu_order":6,"comment_status":"closed","ping_status":"closed","template":"","meta":{"footnotes":""},"class_list":["post-110","page","type-page","status-publish","hentry"],"_links":{"self":[{"href":"https:\/\/afb26.org\/index.php?rest_route=\/wp\/v2\/pages\/110","targetHints":{"allow":["GET"]}}],"collection":[{"href":"https:\/\/afb26.org\/index.php?rest_route=\/wp\/v2\/pages"}],"about":[{"href":"https:\/\/afb26.org\/index.php?rest_route=\/wp\/v2\/types\/page"}],"author":[{"embeddable":true,"href":"https:\/\/afb26.org\/index.php?rest_route=\/wp\/v2\/users\/5"}],"replies":[{"embeddable":true,"href":"https:\/\/afb26.org\/index.php?rest_route=%2Fwp%2Fv2%2Fcomments&post=110"}],"version-history":[{"count":49,"href":"https:\/\/afb26.org\/index.php?rest_route=\/wp\/v2\/pages\/110\/revisions"}],"predecessor-version":[{"id":7221,"href":"https:\/\/afb26.org\/index.php?rest_route=\/wp\/v2\/pages\/110\/revisions\/7221"}],"up":[{"embeddable":true,"href":"https:\/\/afb26.org\/index.php?rest_route=\/wp\/v2\/pages\/296"}],"wp:attachment":[{"href":"https:\/\/afb26.org\/index.php?rest_route=%2Fwp%2Fv2%2Fmedia&parent=110"}],"curies":[{"name":"wp","href":"https:\/\/api.w.org\/{rel}","templated":true}]}}

La parentalité

<h2 class="wp-block-heading">Être parent dans les Baronnies</h2>



<div class="wp-block-columns is-layout-flex wp-container-core-columns-is-layout-9d6595d7 wp-block-columns-is-layout-flex">
<div class="wp-block-column is-layout-flow wp-block-column-is-layout-flow">
<figure class="wp-block-image size-large"><a href="https://afb26.org/?p=6644"><img loading="lazy" decoding="async" width="819" height="1024" src="https://afb26.org/wp-content/uploads/2025/10/Atelier-cuisine-Janvier-2026-819x1024.png" alt="" class="wp-image-7091" srcset="https://afb26.org/wp-content/uploads/2025/10/Atelier-cuisine-Janvier-2026-819x1024.png 819w, https://afb26.org/wp-content/uploads/2025/10/Atelier-cuisine-Janvier-2026-240x300.png 240w, https://afb26.org/wp-content/uploads/2025/10/Atelier-cuisine-Janvier-2026-768x960.png 768w, https://afb26.org/wp-content/uploads/2025/10/Atelier-cuisine-Janvier-2026.png 1080w" sizes="auto, (max-width: 819px) 100vw, 819px" /></a></figure>
</div>



<div class="wp-block-column is-layout-flow wp-block-column-is-layout-flow">
<figure class="wp-block-image size-large"><a href="https://afb26.org/?p=6882"><img loading="lazy" decoding="async" width="819" height="1024" src="https://afb26.org/wp-content/uploads/2026/01/Sport-en-famille-fev-juin-2026-Instagram-45-819x1024.png" alt="" class="wp-image-7220" srcset="https://afb26.org/wp-content/uploads/2026/01/Sport-en-famille-fev-juin-2026-Instagram-45-819x1024.png 819w, https://afb26.org/wp-content/uploads/2026/01/Sport-en-famille-fev-juin-2026-Instagram-45-240x300.png 240w, https://afb26.org/wp-content/uploads/2026/01/Sport-en-famille-fev-juin-2026-Instagram-45-768x960.png 768w, https://afb26.org/wp-content/uploads/2026/01/Sport-en-famille-fev-juin-2026-Instagram-45.png 1080w" sizes="auto, (max-width: 819px) 100vw, 819px" /></a></figure>
</div>



<div class="wp-block-column is-layout-flow wp-block-column-is-layout-flow">
<figure class="wp-block-gallery has-nested-images columns-default is-cropped wp-block-gallery-1 is-layout-flex wp-block-gallery-is-layout-flex"></figure>
</div>
</div>



<div class="wp-block-columns is-layout-flex wp-container-core-columns-is-layout-9d6595d7 wp-block-columns-is-layout-flex">
<div class="wp-block-column is-layout-flow wp-block-column-is-layout-flow"></div>



<div class="wp-block-column is-layout-flow wp-block-column-is-layout-flow"></div>



<div class="wp-block-column is-layout-flow wp-block-column-is-layout-flow"></div>
</div>



<p><em>«&nbsp;Être parent dans les Baronnies&nbsp;» est un projet global de soutien à la parentalité porté par le centre social AFB, en partenariat avec la CAF, la MSA, l’UDAF et la Mairie de Buis-les-Baronnies. Ce projet s’adresse à tous les parents du pays de Buis. Ses objectifs sont de contribuer à l’épanouissement des personnes dans leur rôle de parents ou grands-parents, valoriser les compétences parentales et leur diversité, apporter un soutien aux familles isolées, favoriser les temps d’échanges entre les parents et sensibiliser à la notion de répit parental. Il est pensé à partir des besoins exprimés à travers nos échanges avec les familles et les partenaires, n’hésitez donc pas à venir nous faire part de vos idées, difficultés, envies&#8230; pour que nous réfléchissions ensemble&nbsp;à nos futures actions !</em></p>



<p>Flavie BOUTILLOT, Référente Famille<br>Tél. <strong>06 73 65 51 17</strong><br>Email : <strong><a href="mailto:responsable.alsh@afb26.org">referente.famille@afb26.org</a></strong></p>



<p><strong>Pour les inscriptions aux activités, contactez l&#8217;accueil du centre social au 04.75.28.17.28</strong></p>



<p></p>

<p>Être parent dans les Baronnies «&nbsp;Être parent dans les Baronnies&nbsp;» est un projet global de soutien à la parentalité porté par le centre social AFB, en partenariat avec la CAF, la MSA, l’UDAF et la Mairie de Buis-les-Baronnies. Ce projet s’adresse à tous les parents du pays de Buis. Ses objectifs sont de contribuer à &hellip;</p>
