{"id":112,"date":"2021-06-28T15:04:07","date_gmt":"2021-06-28T13:04:07","guid":{"rendered":"http:\/\/afb26.org\/?page_id=112"},"modified":"2025-04-15T13:38:08","modified_gmt":"2025-04-15T11:38:08","slug":"les-souris-vertes","status":"publish","type":"page","link":"https:\/\/afb26.org\/?page_id=112","title":{"rendered":"Multi-Accueil Les Souris Vertes"},"content":{"rendered":"\n<figure class=\"wp-block-image alignfull size-full\"><img loading=\"lazy\" decoding=\"async\" width=\"9937\" height=\"1362\" src=\"https:\/\/afb26.org\/wp-content\/uploads\/2023\/07\/AFB_CHARTE_Fichier-34@4x.png\" alt=\"\" class=\"wp-image-4027\" srcset=\"https:\/\/afb26.org\/wp-content\/uploads\/2023\/07\/AFB_CHARTE_Fichier-34@4x.png 9937w, https:\/\/afb26.org\/wp-content\/uploads\/2023\/07\/AFB_CHARTE_Fichier-34@4x-300x41.png 300w, https:\/\/afb26.org\/wp-content\/uploads\/2023\/07\/AFB_CHARTE_Fichier-34@4x-1024x140.png 1024w, https:\/\/afb26.org\/wp-content\/uploads\/2023\/07\/AFB_CHARTE_Fichier-34@4x-768x105.png 768w, https:\/\/afb26.org\/wp-content\/uploads\/2023\/07\/AFB_CHARTE_Fichier-34@4x-1536x211.png 1536w, https:\/\/afb26.org\/wp-content\/uploads\/2023\/07\/AFB_CHARTE_Fichier-34@4x-2048x281.png 2048w\" sizes=\"auto, (max-width: 9937px) 100vw, 9937px\" \/><\/figure>\n\n\n\n<div class=\"wp-block-columns is-layout-flex wp-container-core-columns-is-layout-9d6595d7 wp-block-columns-is-layout-flex\">\n<div class=\"wp-block-column is-layout-flow wp-block-column-is-layout-flow\" style=\"flex-basis:33.33%\">\n<figure class=\"wp-block-image size-large\"><img loading=\"lazy\" decoding=\"async\" width=\"1024\" height=\"1024\" src=\"https:\/\/afb26.org\/wp-content\/uploads\/2022\/03\/dehors-arbre-1-1024x1024.jpg\" alt=\"\" class=\"wp-image-1906\" srcset=\"https:\/\/afb26.org\/wp-content\/uploads\/2022\/03\/dehors-arbre-1-1024x1024.jpg 1024w, https:\/\/afb26.org\/wp-content\/uploads\/2022\/03\/dehors-arbre-1-300x300.jpg 300w, https:\/\/afb26.org\/wp-content\/uploads\/2022\/03\/dehors-arbre-1-150x150.jpg 150w, https:\/\/afb26.org\/wp-content\/uploads\/2022\/03\/dehors-arbre-1-768x768.jpg 768w, https:\/\/afb26.org\/wp-content\/uploads\/2022\/03\/dehors-arbre-1-1536x1536.jpg 1536w, https:\/\/afb26.org\/wp-content\/uploads\/2022\/03\/dehors-arbre-1-2048x2048.jpg 2048w\" sizes=\"auto, (max-width: 1024px) 100vw, 1024px\" \/><\/figure>\n<\/div>\n\n\n\n<div class=\"wp-block-column is-layout-flow wp-block-column-is-layout-flow\" style=\"flex-basis:66.66%\">\n<p>Une petite structure familiale de 20 places. Les enfants y sont accueillis selon les besoins des familles. C\u2019est aussi un lieu de rencontre des enfants, de socialisation, un lieu d&#8217;\u00e9changes avec les parents. Des activit\u00e9s ludiques, de motricit\u00e9, de cr\u00e9ativit\u00e9 y sont propos\u00e9es pour contribuer \u00e0 l&#8217;\u00e9veil des enfants.<\/p>\n\n\n\n<p>L&#8217;espace y est pens\u00e9 pour que les tout petits puissent explorer en toute s\u00e9curit\u00e9 dans une ambiance cocooning et \u00e9voluer selon le rythme de chacun, avec, au cours de la journ\u00e9e, diff\u00e9rentes activit\u00e9s : <strong>de l&#8217;imaginaire et de la pr\u00e9paration au langage<\/strong> \u00e0 travers livres, chansons, marionnettes; <strong>de la cr\u00e9ativit\u00e9<\/strong> avec peinture, collage, dessins; <strong>de la motricit\u00e9<\/strong> avec des parcours, tapis, tunnels; <strong>de la motricit\u00e9 fine<\/strong>, &nbsp;puzzles, perles, <strong>la d\u00e9couverte du sch\u00e9ma corporel<\/strong>, jeux de miroirs, comptines, rondes. Sans oublier les <strong>jeux symboliques et d&#8217;imitation<\/strong> avec le coin cuisine, les voitures, <strong>de l&#8217;\u00e9veil musical<\/strong>, <strong>de l&#8217;\u00e9veil sensoriel<\/strong> avec le sable magique, la semoule, l&#8217;argile.<\/p>\n\n\n\n<p>Il y a aussi des <strong>temps ext\u00e9rieurs<\/strong> o\u00f9&nbsp;l&#8217;enfant est libre de s&#8217;exercer \u00e0 courir, grimper, sauter.<\/p>\n\n\n\n<p>Chaque instant de la vie de l&#8217;enfant (repas, jeux, sortie au jardin&#8230;) est un pr\u00e9texte pour <strong>travailler sa dext\u00e9rit\u00e9 <\/strong>en se d\u00e9shabillant, se lavant les mains, en mangeant seul. Aux Souris Vertes, nous accordons aussi un temps pr\u00e9cieux pour <strong>encourager l&#8217;esprit cr\u00e9atif<\/strong>, <strong>l&#8217;autonomie<\/strong>, <strong>la coop\u00e9ration des enfants<\/strong>, pour un \u00e9panouissement de tous.<\/p>\n\n\n\n<p>Nous colorons notre pratique d\u2019observations des enfants pour nous ajuster au mieux, de p\u00e9dagogies que l\u2019on essaye, de psychologie fond\u00e9e sur nos lectures, des neuro sciences qui nous inspirent et surtout de notre cr\u00e9ativit\u00e9 pour r\u00e9pondre au mieux \u00e0 tous les petits tracas du quotidien.<\/p>\n<\/div>\n<\/div>\n\n\n\n<div class=\"wp-block-columns is-layout-flex wp-container-core-columns-is-layout-9d6595d7 wp-block-columns-is-layout-flex\">\n<div class=\"wp-block-column is-layout-flow wp-block-column-is-layout-flow\" style=\"flex-basis:66.66%\">\n<p><strong>Le label &#8220;Cr\u00e8ches AVIP&#8221; :\u200b<\/strong><\/p>\n\n\n\n<p>Les cr\u00e8ches \u00e0 vocation d\u2019insertion professionnelle (AVIP) proposent aux parents de jeunes enfants (0-3 ans) demandeurs d\u2019emploi et\/ou en reprise d\u2019emploi des places d\u2019accueil qui leur sont r\u00e9serv\u00e9es.<br>\u200bL\u2019objectif \u00e9tant de soutenir activement les parents et ainsi lever l&#8217;un des freins d\u2019acc\u00e8s au march\u00e9 du travail.<\/p>\n<\/div>\n\n\n\n<div class=\"wp-block-column is-layout-flow wp-block-column-is-layout-flow\" style=\"flex-basis:33.33%\">\n<figure class=\"wp-block-image size-full\"><img loading=\"lazy\" decoding=\"async\" width=\"271\" height=\"248\" src=\"https:\/\/afb26.org\/wp-content\/uploads\/2023\/02\/photo_logo_avip.png\" alt=\"\" class=\"wp-image-3175\"\/><\/figure>\n<\/div>\n<\/div>\n\n\n\n<div class=\"wp-block-columns is-layout-flex wp-container-core-columns-is-layout-9d6595d7 wp-block-columns-is-layout-flex\">\n<div class=\"wp-block-column is-layout-flow wp-block-column-is-layout-flow\"><div class=\"wp-block-image wp-duotone-faa960-fc9a41-1\">\n<figure class=\"aligncenter size-medium is-resized\"><img loading=\"lazy\" decoding=\"async\" src=\"https:\/\/afb26.org\/wp-content\/uploads\/2023\/07\/information-300x300.png\" alt=\"\" class=\"wp-image-3910\" width=\"300\" height=\"300\" srcset=\"https:\/\/afb26.org\/wp-content\/uploads\/2023\/07\/information-300x300.png 300w, https:\/\/afb26.org\/wp-content\/uploads\/2023\/07\/information-150x150.png 150w, https:\/\/afb26.org\/wp-content\/uploads\/2023\/07\/information.png 512w\" sizes=\"auto, (max-width: 300px) 100vw, 300px\" \/><figcaption class=\"wp-element-caption\"><a href=\"https:\/\/afb26.org\/?page_id=367\">Informations Pratiques<\/a><\/figcaption><\/figure>\n<\/div><\/div>\n\n\n\n<div class=\"wp-block-column is-layout-flow wp-block-column-is-layout-flow\"><div class=\"wp-block-image wp-duotone-faa960-fc9a41-2\">\n<figure class=\"aligncenter size-medium\"><img loading=\"lazy\" decoding=\"async\" width=\"300\" height=\"300\" src=\"https:\/\/afb26.org\/wp-content\/uploads\/2023\/07\/group-300x300.png\" alt=\"\" class=\"wp-image-3911\" srcset=\"https:\/\/afb26.org\/wp-content\/uploads\/2023\/07\/group-300x300.png 300w, https:\/\/afb26.org\/wp-content\/uploads\/2023\/07\/group-150x150.png 150w, https:\/\/afb26.org\/wp-content\/uploads\/2023\/07\/group.png 512w\" sizes=\"auto, (max-width: 300px) 100vw, 300px\" \/><figcaption class=\"wp-element-caption\"><a href=\"https:\/\/afb26.org\/?page_id=370\">L&#8217;\u00e9quipe<\/a><\/figcaption><\/figure>\n<\/div><\/div>\n<\/div>\n\n\n\n<div class=\"wp-block-columns is-layout-flex wp-container-core-columns-is-layout-9d6595d7 wp-block-columns-is-layout-flex\">\n<div class=\"wp-block-column is-layout-flow wp-block-column-is-layout-flow\"><div class=\"wp-block-image wp-duotone-faa960-fc9a41-3\">\n<figure class=\"aligncenter size-medium is-resized\"><img loading=\"lazy\" decoding=\"async\" src=\"https:\/\/afb26.org\/wp-content\/uploads\/2023\/07\/gestion-de-projet-300x300.png\" alt=\"\" class=\"wp-image-3912\" width=\"300\" height=\"300\" srcset=\"https:\/\/afb26.org\/wp-content\/uploads\/2023\/07\/gestion-de-projet-300x300.png 300w, https:\/\/afb26.org\/wp-content\/uploads\/2023\/07\/gestion-de-projet-150x150.png 150w, https:\/\/afb26.org\/wp-content\/uploads\/2023\/07\/gestion-de-projet.png 512w\" sizes=\"auto, (max-width: 300px) 100vw, 300px\" \/><figcaption class=\"wp-element-caption\"><a href=\"https:\/\/afb26.org\/?page_id=372\">Notre organisation<\/a><\/figcaption><\/figure>\n<\/div><\/div>\n\n\n\n<div class=\"wp-block-column is-layout-flow wp-block-column-is-layout-flow\"><div class=\"wp-block-image wp-duotone-faa960-fc9a41-4\">\n<figure class=\"aligncenter size-medium\"><img loading=\"lazy\" decoding=\"async\" width=\"300\" height=\"300\" src=\"https:\/\/afb26.org\/wp-content\/uploads\/2023\/07\/journee-mondiale-de-la-fierte2-300x300.png\" alt=\"\" class=\"wp-image-3915\" srcset=\"https:\/\/afb26.org\/wp-content\/uploads\/2023\/07\/journee-mondiale-de-la-fierte2-300x300.png 300w, https:\/\/afb26.org\/wp-content\/uploads\/2023\/07\/journee-mondiale-de-la-fierte2-150x150.png 150w, https:\/\/afb26.org\/wp-content\/uploads\/2023\/07\/journee-mondiale-de-la-fierte2.png 512w\" sizes=\"auto, (max-width: 300px) 100vw, 300px\" \/><figcaption class=\"wp-element-caption\"><a href=\"https:\/\/afb26.org\/?page_id=445\">Une Journ\u00e9e aux souris vertes<\/a><\/figcaption><\/figure>\n<\/div><\/div>\n<\/div>\n\n\n<div class=\"wp-block-image wp-duotone-faa960-fc9a41-5\">\n<figure class=\"aligncenter size-large is-resized\"><a href=\"https:\/\/afb26.org\/?page_id=4784\"><img loading=\"lazy\" decoding=\"async\" src=\"https:\/\/afb26.org\/wp-content\/uploads\/2024\/04\/soleil-orange-1024x1024.png\" alt=\"\" class=\"wp-image-4792\" width=\"350\" height=\"350\" srcset=\"https:\/\/afb26.org\/wp-content\/uploads\/2024\/04\/soleil-orange-1024x1024.png 1024w, https:\/\/afb26.org\/wp-content\/uploads\/2024\/04\/soleil-orange-300x300.png 300w, https:\/\/afb26.org\/wp-content\/uploads\/2024\/04\/soleil-orange-150x150.png 150w, https:\/\/afb26.org\/wp-content\/uploads\/2024\/04\/soleil-orange-768x768.png 768w, https:\/\/afb26.org\/wp-content\/uploads\/2024\/04\/soleil-orange.png 1200w\" sizes=\"auto, (max-width: 350px) 100vw, 350px\" \/><\/a><figcaption class=\"wp-element-caption\"><a href=\"https:\/\/afb26.org\/?page_id=4784\" data-type=\"page\" data-id=\"4784\">Groupe Passerelle<\/a><\/figcaption><\/figure>\n<\/div>","protected":false},"excerpt":{"rendered":"<p>Une petite structure familiale de 20 places. Les enfants y sont accueillis selon les besoins des familles. C\u2019est aussi un lieu de rencontre des enfants, de socialisation, un lieu d&#8217;\u00e9changes avec les parents. Des activit\u00e9s ludiques, de motricit\u00e9, de cr\u00e9ativit\u00e9 y sont propos\u00e9es pour contribuer \u00e0 l&#8217;\u00e9veil des enfants. L&#8217;espace y est pens\u00e9 pour que &hellip;<\/p>\n","protected":false},"author":7,"featured_media":0,"parent":6049,"menu_order":1,"comment_status":"closed","ping_status":"closed","template":"","meta":{"footnotes":""},"class_list":["post-112","page","type-page","status-publish","hentry"],"_links":{"self":[{"href":"https:\/\/afb26.org\/index.php?rest_route=\/wp\/v2\/pages\/112","targetHints":{"allow":["GET"]}}],"collection":[{"href":"https:\/\/afb26.org\/index.php?rest_route=\/wp\/v2\/pages"}],"about":[{"href":"https:\/\/afb26.org\/index.php?rest_route=\/wp\/v2\/types\/page"}],"author":[{"embeddable":true,"href":"https:\/\/afb26.org\/index.php?rest_route=\/wp\/v2\/users\/7"}],"replies":[{"embeddable":true,"href":"https:\/\/afb26.org\/index.php?rest_route=%2Fwp%2Fv2%2Fcomments&post=112"}],"version-history":[{"count":27,"href":"https:\/\/afb26.org\/index.php?rest_route=\/wp\/v2\/pages\/112\/revisions"}],"predecessor-version":[{"id":6060,"href":"https:\/\/afb26.org\/index.php?rest_route=\/wp\/v2\/pages\/112\/revisions\/6060"}],"up":[{"embeddable":true,"href":"https:\/\/afb26.org\/index.php?rest_route=\/wp\/v2\/pages\/6049"}],"wp:attachment":[{"href":"https:\/\/afb26.org\/index.php?rest_route=%2Fwp%2Fv2%2Fmedia&parent=112"}],"curies":[{"name":"wp","href":"https:\/\/api.w.org\/{rel}","templated":true}]}}

<figure class="wp-block-image alignfull size-full"><img loading="lazy" decoding="async" width="9937" height="1362" src="https://afb26.org/wp-content/uploads/2023/07/AFB_CHARTE_Fichier-34@4x.png" alt="" class="wp-image-4027" srcset="https://afb26.org/wp-content/uploads/2023/07/AFB_CHARTE_Fichier-34@4x.png 9937w, https://afb26.org/wp-content/uploads/2023/07/AFB_CHARTE_Fichier-34@4x-300x41.png 300w, https://afb26.org/wp-content/uploads/2023/07/AFB_CHARTE_Fichier-34@4x-1024x140.png 1024w, https://afb26.org/wp-content/uploads/2023/07/AFB_CHARTE_Fichier-34@4x-768x105.png 768w, https://afb26.org/wp-content/uploads/2023/07/AFB_CHARTE_Fichier-34@4x-1536x211.png 1536w, https://afb26.org/wp-content/uploads/2023/07/AFB_CHARTE_Fichier-34@4x-2048x281.png 2048w" sizes="auto, (max-width: 9937px) 100vw, 9937px" /></figure>



<div class="wp-block-columns is-layout-flex wp-container-core-columns-is-layout-9d6595d7 wp-block-columns-is-layout-flex">
<div class="wp-block-column is-layout-flow wp-block-column-is-layout-flow" style="flex-basis:33.33%">
<figure class="wp-block-image size-large"><img loading="lazy" decoding="async" width="1024" height="1024" src="https://afb26.org/wp-content/uploads/2022/03/dehors-arbre-1-1024x1024.jpg" alt="" class="wp-image-1906" srcset="https://afb26.org/wp-content/uploads/2022/03/dehors-arbre-1-1024x1024.jpg 1024w, https://afb26.org/wp-content/uploads/2022/03/dehors-arbre-1-300x300.jpg 300w, https://afb26.org/wp-content/uploads/2022/03/dehors-arbre-1-150x150.jpg 150w, https://afb26.org/wp-content/uploads/2022/03/dehors-arbre-1-768x768.jpg 768w, https://afb26.org/wp-content/uploads/2022/03/dehors-arbre-1-1536x1536.jpg 1536w, https://afb26.org/wp-content/uploads/2022/03/dehors-arbre-1-2048x2048.jpg 2048w" sizes="auto, (max-width: 1024px) 100vw, 1024px" /></figure>
</div>



<div class="wp-block-column is-layout-flow wp-block-column-is-layout-flow" style="flex-basis:66.66%">
<p>Une petite structure familiale de 20 places. Les enfants y sont accueillis selon les besoins des familles. C’est aussi un lieu de rencontre des enfants, de socialisation, un lieu d&#8217;échanges avec les parents. Des activités ludiques, de motricité, de créativité y sont proposées pour contribuer à l&#8217;éveil des enfants.</p>



<p>L&#8217;espace y est pensé pour que les tout petits puissent explorer en toute sécurité dans une ambiance cocooning et évoluer selon le rythme de chacun, avec, au cours de la journée, différentes activités : <strong>de l&#8217;imaginaire et de la préparation au langage</strong> à travers livres, chansons, marionnettes; <strong>de la créativité</strong> avec peinture, collage, dessins; <strong>de la motricité</strong> avec des parcours, tapis, tunnels; <strong>de la motricité fine</strong>, &nbsp;puzzles, perles, <strong>la découverte du schéma corporel</strong>, jeux de miroirs, comptines, rondes. Sans oublier les <strong>jeux symboliques et d&#8217;imitation</strong> avec le coin cuisine, les voitures, <strong>de l&#8217;éveil musical</strong>, <strong>de l&#8217;éveil sensoriel</strong> avec le sable magique, la semoule, l&#8217;argile.</p>



<p>Il y a aussi des <strong>temps extérieurs</strong> où&nbsp;l&#8217;enfant est libre de s&#8217;exercer à courir, grimper, sauter.</p>



<p>Chaque instant de la vie de l&#8217;enfant (repas, jeux, sortie au jardin&#8230;) est un prétexte pour <strong>travailler sa dextérité </strong>en se déshabillant, se lavant les mains, en mangeant seul. Aux Souris Vertes, nous accordons aussi un temps précieux pour <strong>encourager l&#8217;esprit créatif</strong>, <strong>l&#8217;autonomie</strong>, <strong>la coopération des enfants</strong>, pour un épanouissement de tous.</p>



<p>Nous colorons notre pratique d’observations des enfants pour nous ajuster au mieux, de pédagogies que l’on essaye, de psychologie fondée sur nos lectures, des neuro sciences qui nous inspirent et surtout de notre créativité pour répondre au mieux à tous les petits tracas du quotidien.</p>
</div>
</div>



<div class="wp-block-columns is-layout-flex wp-container-core-columns-is-layout-9d6595d7 wp-block-columns-is-layout-flex">
<div class="wp-block-column is-layout-flow wp-block-column-is-layout-flow" style="flex-basis:66.66%">
<p><strong>Le label &#8220;Crèches AVIP&#8221; :​</strong></p>



<p>Les crèches à vocation d’insertion professionnelle (AVIP) proposent aux parents de jeunes enfants (0-3 ans) demandeurs d’emploi et/ou en reprise d’emploi des places d’accueil qui leur sont réservées.<br>​L’objectif étant de soutenir activement les parents et ainsi lever l&#8217;un des freins d’accès au marché du travail.</p>
</div>



<div class="wp-block-column is-layout-flow wp-block-column-is-layout-flow" style="flex-basis:33.33%">
<figure class="wp-block-image size-full"><img loading="lazy" decoding="async" width="271" height="248" src="https://afb26.org/wp-content/uploads/2023/02/photo_logo_avip.png" alt="" class="wp-image-3175"/></figure>
</div>
</div>



<div class="wp-block-columns is-layout-flex wp-container-core-columns-is-layout-9d6595d7 wp-block-columns-is-layout-flex">
<div class="wp-block-column is-layout-flow wp-block-column-is-layout-flow"><div class="wp-block-image wp-duotone-faa960-fc9a41-1">
<figure class="aligncenter size-medium is-resized"><img loading="lazy" decoding="async" src="https://afb26.org/wp-content/uploads/2023/07/information-300x300.png" alt="" class="wp-image-3910" width="300" height="300" srcset="https://afb26.org/wp-content/uploads/2023/07/information-300x300.png 300w, https://afb26.org/wp-content/uploads/2023/07/information-150x150.png 150w, https://afb26.org/wp-content/uploads/2023/07/information.png 512w" sizes="auto, (max-width: 300px) 100vw, 300px" /><figcaption class="wp-element-caption"><a href="https://afb26.org/?page_id=367">Informations Pratiques</a></figcaption></figure>
</div></div>



<div class="wp-block-column is-layout-flow wp-block-column-is-layout-flow"><div class="wp-block-image wp-duotone-faa960-fc9a41-2">
<figure class="aligncenter size-medium"><img loading="lazy" decoding="async" width="300" height="300" src="https://afb26.org/wp-content/uploads/2023/07/group-300x300.png" alt="" class="wp-image-3911" srcset="https://afb26.org/wp-content/uploads/2023/07/group-300x300.png 300w, https://afb26.org/wp-content/uploads/2023/07/group-150x150.png 150w, https://afb26.org/wp-content/uploads/2023/07/group.png 512w" sizes="auto, (max-width: 300px) 100vw, 300px" /><figcaption class="wp-element-caption"><a href="https://afb26.org/?page_id=370">L&#8217;équipe</a></figcaption></figure>
</div></div>
</div>



<div class="wp-block-columns is-layout-flex wp-container-core-columns-is-layout-9d6595d7 wp-block-columns-is-layout-flex">
<div class="wp-block-column is-layout-flow wp-block-column-is-layout-flow"><div class="wp-block-image wp-duotone-faa960-fc9a41-3">
<figure class="aligncenter size-medium is-resized"><img loading="lazy" decoding="async" src="https://afb26.org/wp-content/uploads/2023/07/gestion-de-projet-300x300.png" alt="" class="wp-image-3912" width="300" height="300" srcset="https://afb26.org/wp-content/uploads/2023/07/gestion-de-projet-300x300.png 300w, https://afb26.org/wp-content/uploads/2023/07/gestion-de-projet-150x150.png 150w, https://afb26.org/wp-content/uploads/2023/07/gestion-de-projet.png 512w" sizes="auto, (max-width: 300px) 100vw, 300px" /><figcaption class="wp-element-caption"><a href="https://afb26.org/?page_id=372">Notre organisation</a></figcaption></figure>
</div></div>



<div class="wp-block-column is-layout-flow wp-block-column-is-layout-flow"><div class="wp-block-image wp-duotone-faa960-fc9a41-4">
<figure class="aligncenter size-medium"><img loading="lazy" decoding="async" width="300" height="300" src="https://afb26.org/wp-content/uploads/2023/07/journee-mondiale-de-la-fierte2-300x300.png" alt="" class="wp-image-3915" srcset="https://afb26.org/wp-content/uploads/2023/07/journee-mondiale-de-la-fierte2-300x300.png 300w, https://afb26.org/wp-content/uploads/2023/07/journee-mondiale-de-la-fierte2-150x150.png 150w, https://afb26.org/wp-content/uploads/2023/07/journee-mondiale-de-la-fierte2.png 512w" sizes="auto, (max-width: 300px) 100vw, 300px" /><figcaption class="wp-element-caption"><a href="https://afb26.org/?page_id=445">Une Journée aux souris vertes</a></figcaption></figure>
</div></div>
</div>


<div class="wp-block-image wp-duotone-faa960-fc9a41-5">
<figure class="aligncenter size-large is-resized"><a href="https://afb26.org/?page_id=4784"><img loading="lazy" decoding="async" src="https://afb26.org/wp-content/uploads/2024/04/soleil-orange-1024x1024.png" alt="" class="wp-image-4792" width="350" height="350" srcset="https://afb26.org/wp-content/uploads/2024/04/soleil-orange-1024x1024.png 1024w, https://afb26.org/wp-content/uploads/2024/04/soleil-orange-300x300.png 300w, https://afb26.org/wp-content/uploads/2024/04/soleil-orange-150x150.png 150w, https://afb26.org/wp-content/uploads/2024/04/soleil-orange-768x768.png 768w, https://afb26.org/wp-content/uploads/2024/04/soleil-orange.png 1200w" sizes="auto, (max-width: 350px) 100vw, 350px" /></a><figcaption class="wp-element-caption"><a href="https://afb26.org/?page_id=4784" data-type="page" data-id="4784">Groupe Passerelle</a></figcaption></figure>
</div>

<p>Une petite structure familiale de 20 places. Les enfants y sont accueillis selon les besoins des familles. C’est aussi un lieu de rencontre des enfants, de socialisation, un lieu d&#8217;échanges avec les parents. Des activités ludiques, de motricité, de créativité y sont proposées pour contribuer à l&#8217;éveil des enfants. L&#8217;espace y est pensé pour que &hellip;</p>
