{"id":131,"date":"2021-06-28T15:34:35","date_gmt":"2021-06-28T13:34:35","guid":{"rendered":"http:\/\/afb26.org\/?page_id=131"},"modified":"2025-10-02T10:37:45","modified_gmt":"2025-10-02T08:37:45","slug":"lapprentissage-du-francais","status":"publish","type":"page","link":"https:\/\/afb26.org\/?page_id=131","title":{"rendered":"L&#8217;apprentissage du fran\u00e7ais"},"content":{"rendered":"\n\n\n<div class=\"wp-block-media-text is-stacked-on-mobile\" style=\"grid-template-columns:30% auto\"><figure class=\"wp-block-media-text__media\"><img loading=\"lazy\" decoding=\"async\" width=\"1414\" height=\"2000\" src=\"https:\/\/afb26.org\/wp-content\/uploads\/2025\/04\/Alpha-2025-affiche-A3-portrait.png\" alt=\"\" class=\"wp-image-5977 size-full\" srcset=\"https:\/\/afb26.org\/wp-content\/uploads\/2025\/04\/Alpha-2025-affiche-A3-portrait.png 1414w, https:\/\/afb26.org\/wp-content\/uploads\/2025\/04\/Alpha-2025-affiche-A3-portrait-212x300.png 212w, https:\/\/afb26.org\/wp-content\/uploads\/2025\/04\/Alpha-2025-affiche-A3-portrait-724x1024.png 724w, https:\/\/afb26.org\/wp-content\/uploads\/2025\/04\/Alpha-2025-affiche-A3-portrait-768x1086.png 768w, https:\/\/afb26.org\/wp-content\/uploads\/2025\/04\/Alpha-2025-affiche-A3-portrait-1086x1536.png 1086w\" sizes=\"auto, (max-width: 1414px) 100vw, 1414px\" \/><\/figure><div class=\"wp-block-media-text__content\">\n<h3 class=\"wp-block-heading has-medium-font-size\">Informations G\u00e9n\u00e9rales<\/h3>\n\n\n\n<p class=\"has-medium-font-size\">Les ateliers d&#8217;alphab\u00e9tisation et d&#8217;apprentissage du fran\u00e7ais s&#8217;adressent aux personnes d&#8217;origine \u00e9trang\u00e8re qui souhaitent s&#8217;installer durablement en France, peu importe leur niveau de langue, de scolarit\u00e9 initial, leur statut administratif, leur origine&#8230; Ils sont enti\u00e8rement anim\u00e9s par des b\u00e9n\u00e9voles.<\/p>\n\n\n\n<p class=\"has-text-align-left has-medium-font-size\">Les ateliers se d\u00e9roulent uniquement en p\u00e9riode scolaire.<\/p>\n\n\n\n<p class=\"has-medium-font-size\"><strong>Nous recherchons des b\u00e9n\u00e9voles, avec ou sans exp\u00e9rience. N&#8217;h\u00e9sitez pas \u00e0 nous contacter !<\/strong><\/p>\n\n\n\n<h3 class=\"wp-block-heading\">Pour plus de renseignements<\/h3>\n\n\n\n<p class=\"has-medium-font-size\"><strong><span class=\"tadv-color\" style=\"color:#3081cc\">06 73 65 51 17<\/span><\/strong><br>ou par mail : <span class=\"tadv-color\" style=\"color:#3081cc\"><strong><a href=\"mailto:referente.famille@afb26.org\" target=\"_blank\" rel=\"noreferrer noopener\">referente.famille@afb26.org<\/a><\/strong><\/span><\/p>\n<\/div><\/div>\n\n\n\n<h3 class=\"wp-block-heading has-text-align-center has-large-font-size\" id=\"articles_show_titre_article\"><\/h3>\n","protected":false},"excerpt":{"rendered":"<p>Informations G\u00e9n\u00e9rales Les ateliers d&#8217;alphab\u00e9tisation et d&#8217;apprentissage du fran\u00e7ais s&#8217;adressent aux personnes d&#8217;origine \u00e9trang\u00e8re qui souhaitent s&#8217;installer durablement en France, peu importe leur niveau de langue, de scolarit\u00e9 initial, leur statut administratif, leur origine&#8230; Ils sont enti\u00e8rement anim\u00e9s par des b\u00e9n\u00e9voles. Les ateliers se d\u00e9roulent uniquement en p\u00e9riode scolaire. Nous recherchons des b\u00e9n\u00e9voles, avec ou &hellip;<\/p>\n","protected":false},"author":5,"featured_media":0,"parent":6049,"menu_order":3,"comment_status":"closed","ping_status":"closed","template":"","meta":{"footnotes":""},"class_list":["post-131","page","type-page","status-publish","hentry"],"_links":{"self":[{"href":"https:\/\/afb26.org\/index.php?rest_route=\/wp\/v2\/pages\/131","targetHints":{"allow":["GET"]}}],"collection":[{"href":"https:\/\/afb26.org\/index.php?rest_route=\/wp\/v2\/pages"}],"about":[{"href":"https:\/\/afb26.org\/index.php?rest_route=\/wp\/v2\/types\/page"}],"author":[{"embeddable":true,"href":"https:\/\/afb26.org\/index.php?rest_route=\/wp\/v2\/users\/5"}],"replies":[{"embeddable":true,"href":"https:\/\/afb26.org\/index.php?rest_route=%2Fwp%2Fv2%2Fcomments&post=131"}],"version-history":[{"count":27,"href":"https:\/\/afb26.org\/index.php?rest_route=\/wp\/v2\/pages\/131\/revisions"}],"predecessor-version":[{"id":6846,"href":"https:\/\/afb26.org\/index.php?rest_route=\/wp\/v2\/pages\/131\/revisions\/6846"}],"up":[{"embeddable":true,"href":"https:\/\/afb26.org\/index.php?rest_route=\/wp\/v2\/pages\/6049"}],"wp:attachment":[{"href":"https:\/\/afb26.org\/index.php?rest_route=%2Fwp%2Fv2%2Fmedia&parent=131"}],"curies":[{"name":"wp","href":"https:\/\/api.w.org\/{rel}","templated":true}]}}

L&#8217;apprentissage du français

<div class="wp-block-media-text is-stacked-on-mobile" style="grid-template-columns:30% auto"><figure class="wp-block-media-text__media"><img loading="lazy" decoding="async" width="1414" height="2000" src="https://afb26.org/wp-content/uploads/2025/04/Alpha-2025-affiche-A3-portrait.png" alt="" class="wp-image-5977 size-full" srcset="https://afb26.org/wp-content/uploads/2025/04/Alpha-2025-affiche-A3-portrait.png 1414w, https://afb26.org/wp-content/uploads/2025/04/Alpha-2025-affiche-A3-portrait-212x300.png 212w, https://afb26.org/wp-content/uploads/2025/04/Alpha-2025-affiche-A3-portrait-724x1024.png 724w, https://afb26.org/wp-content/uploads/2025/04/Alpha-2025-affiche-A3-portrait-768x1086.png 768w, https://afb26.org/wp-content/uploads/2025/04/Alpha-2025-affiche-A3-portrait-1086x1536.png 1086w" sizes="auto, (max-width: 1414px) 100vw, 1414px" /></figure><div class="wp-block-media-text__content">
<h3 class="wp-block-heading has-medium-font-size">Informations Générales</h3>



<p class="has-medium-font-size">Les ateliers d&#8217;alphabétisation et d&#8217;apprentissage du français s&#8217;adressent aux personnes d&#8217;origine étrangère qui souhaitent s&#8217;installer durablement en France, peu importe leur niveau de langue, de scolarité initial, leur statut administratif, leur origine&#8230; Ils sont entièrement animés par des bénévoles.</p>



<p class="has-text-align-left has-medium-font-size">Les ateliers se déroulent uniquement en période scolaire.</p>



<p class="has-medium-font-size"><strong>Nous recherchons des bénévoles, avec ou sans expérience. N&#8217;hésitez pas à nous contacter !</strong></p>



<h3 class="wp-block-heading">Pour plus de renseignements</h3>



<p class="has-medium-font-size"><strong><span class="tadv-color" style="color:#3081cc">06 73 65 51 17</span></strong><br>ou par mail : <span class="tadv-color" style="color:#3081cc"><strong><a href="mailto:referente.famille@afb26.org" target="_blank" rel="noreferrer noopener">referente.famille@afb26.org</a></strong></span></p>
</div></div>



<h3 class="wp-block-heading has-text-align-center has-large-font-size" id="articles_show_titre_article"></h3>

<p>Informations Générales Les ateliers d&#8217;alphabétisation et d&#8217;apprentissage du français s&#8217;adressent aux personnes d&#8217;origine étrangère qui souhaitent s&#8217;installer durablement en France, peu importe leur niveau de langue, de scolarité initial, leur statut administratif, leur origine&#8230; Ils sont entièrement animés par des bénévoles. Les ateliers se déroulent uniquement en période scolaire. Nous recherchons des bénévoles, avec ou &hellip;</p>
