{"id":2109,"date":"2022-03-30T13:39:59","date_gmt":"2022-03-30T11:39:59","guid":{"rendered":"http:\/\/afb26.org\/?page_id=2109"},"modified":"2026-04-28T16:50:18","modified_gmt":"2026-04-28T14:50:18","slug":"retrospective-2","status":"publish","type":"page","link":"https:\/\/afb26.org\/?page_id=2109","title":{"rendered":"R\u00e9trospective"},"content":{"rendered":"\n<h2 class=\"wp-block-heading has-text-align-center\">Nouveau coin livre <\/h2>\n\n\n\n<div class=\"wp-block-group alignwide\"><div class=\"wp-block-group__inner-container is-layout-constrained wp-block-group-is-layout-constrained\">\n<div class=\"wp-block-media-text alignwide is-stacked-on-mobile\"><figure class=\"wp-block-media-text__media\"><img loading=\"lazy\" decoding=\"async\" width=\"1024\" height=\"771\" src=\"https:\/\/afb26.org\/wp-content\/uploads\/2026\/04\/WhatsApp-Image-2026-04-21-at-15.47.59-1024x771.jpeg\" alt=\"\" class=\"wp-image-7550 size-full\" srcset=\"https:\/\/afb26.org\/wp-content\/uploads\/2026\/04\/WhatsApp-Image-2026-04-21-at-15.47.59-1024x771.jpeg 1024w, https:\/\/afb26.org\/wp-content\/uploads\/2026\/04\/WhatsApp-Image-2026-04-21-at-15.47.59-300x226.jpeg 300w, https:\/\/afb26.org\/wp-content\/uploads\/2026\/04\/WhatsApp-Image-2026-04-21-at-15.47.59-768x578.jpeg 768w, https:\/\/afb26.org\/wp-content\/uploads\/2026\/04\/WhatsApp-Image-2026-04-21-at-15.47.59-1536x1157.jpeg 1536w, https:\/\/afb26.org\/wp-content\/uploads\/2026\/04\/WhatsApp-Image-2026-04-21-at-15.47.59.jpeg 2040w\" sizes=\"auto, (max-width: 1024px) 100vw, 1024px\" \/><\/figure><div class=\"wp-block-media-text__content\">\n<p class=\"has-text-align-left\"><strong>Au retour des vacances de printemps, les enfants des groupes &#8220;Sauterelles&#8221; et &#8220;Lutins&#8221; ont d\u00e9couvert leur nouveau coin livre adapt\u00e9 et leurs nouveaux amis les marionnettes.<\/strong><\/p>\n\n\n\n<figure class=\"wp-block-gallery has-nested-images columns-default is-cropped wp-block-gallery-1 is-layout-flex wp-block-gallery-is-layout-flex\">\n<figure class=\"wp-block-image size-large\"><img loading=\"lazy\" decoding=\"async\" width=\"1024\" height=\"724\" data-id=\"7553\" src=\"https:\/\/afb26.org\/wp-content\/uploads\/2026\/04\/Regles-du-coin-livre-2-1024x724.png\" alt=\"\" class=\"wp-image-7553\" srcset=\"https:\/\/afb26.org\/wp-content\/uploads\/2026\/04\/Regles-du-coin-livre-2-1024x724.png 1024w, https:\/\/afb26.org\/wp-content\/uploads\/2026\/04\/Regles-du-coin-livre-2-300x212.png 300w, https:\/\/afb26.org\/wp-content\/uploads\/2026\/04\/Regles-du-coin-livre-2-768x543.png 768w, https:\/\/afb26.org\/wp-content\/uploads\/2026\/04\/Regles-du-coin-livre-2-1536x1086.png 1536w, https:\/\/afb26.org\/wp-content\/uploads\/2026\/04\/Regles-du-coin-livre-2.png 2000w\" sizes=\"auto, (max-width: 1024px) 100vw, 1024px\" \/><\/figure>\n<\/figure>\n<\/div><\/div>\n\n\n\n<p class=\"has-text-align-center\"><strong>L&#8217;occasion de d\u00e9couvrir et profiter de belles histoires tous ensemble.<\/strong><\/p>\n<\/div><\/div>\n\n\n\n<figure class=\"wp-block-image size-large\"><img loading=\"lazy\" decoding=\"async\" width=\"1024\" height=\"771\" src=\"https:\/\/afb26.org\/wp-content\/uploads\/2026\/04\/WhatsApp-Image-2026-04-28-at-15.27.00-1024x771.jpeg\" alt=\"\" class=\"wp-image-7551\" srcset=\"https:\/\/afb26.org\/wp-content\/uploads\/2026\/04\/WhatsApp-Image-2026-04-28-at-15.27.00-1024x771.jpeg 1024w, https:\/\/afb26.org\/wp-content\/uploads\/2026\/04\/WhatsApp-Image-2026-04-28-at-15.27.00-300x226.jpeg 300w, https:\/\/afb26.org\/wp-content\/uploads\/2026\/04\/WhatsApp-Image-2026-04-28-at-15.27.00-768x578.jpeg 768w, https:\/\/afb26.org\/wp-content\/uploads\/2026\/04\/WhatsApp-Image-2026-04-28-at-15.27.00-1536x1157.jpeg 1536w, https:\/\/afb26.org\/wp-content\/uploads\/2026\/04\/WhatsApp-Image-2026-04-28-at-15.27.00.jpeg 2040w\" sizes=\"auto, (max-width: 1024px) 100vw, 1024px\" \/><\/figure>\n\n\n<style>.wp-block-kadence-advancedheading.kt-adv-heading2109_a977df-ff, .wp-block-kadence-advancedheading.kt-adv-heading2109_a977df-ff[data-kb-block=\"kb-adv-heading2109_a977df-ff\"]{text-align:center;font-style:normal;}.wp-block-kadence-advancedheading.kt-adv-heading2109_a977df-ff mark.kt-highlight, .wp-block-kadence-advancedheading.kt-adv-heading2109_a977df-ff[data-kb-block=\"kb-adv-heading2109_a977df-ff\"] mark.kt-highlight{font-style:normal;color:#f76a0c;-webkit-box-decoration-break:clone;box-decoration-break:clone;padding-top:0px;padding-right:0px;padding-bottom:0px;padding-left:0px;}.wp-block-kadence-advancedheading.kt-adv-heading2109_a977df-ff img.kb-inline-image, .wp-block-kadence-advancedheading.kt-adv-heading2109_a977df-ff[data-kb-block=\"kb-adv-heading2109_a977df-ff\"] img.kb-inline-image{width:150px;vertical-align:baseline;}<\/style>\n<h2 class=\"kt-adv-heading2109_a977df-ff wp-block-kadence-advancedheading\" data-kb-block=\"kb-adv-heading2109_a977df-ff\">Vacances de Printemps 2026<\/h2>\n\n\n\n<figure class=\"wp-block-video\"><video height=\"720\" style=\"aspect-ratio: 1280 \/ 720;\" width=\"1280\" controls src=\"https:\/\/afb26.org\/wp-content\/uploads\/2026\/04\/Retrospective-vacances-printemps-2026.mp4\"><\/video><\/figure>\n\n\n\n<h2 class=\"wp-block-heading has-text-align-center\">Vacances d&#8217;Hiver 2026<\/h2>\n\n\n\n<figure class=\"wp-block-video\"><video height=\"2160\" style=\"aspect-ratio: 3840 \/ 2160;\" width=\"3840\" controls src=\"https:\/\/afb26.org\/wp-content\/uploads\/2026\/02\/Retrospective-vacances-hiver-2026.mp4\"><\/video><\/figure>\n\n\n\n<p><\/p>\n","protected":false},"excerpt":{"rendered":"<p>Nouveau coin livre Au retour des vacances de printemps, les enfants des groupes &#8220;Sauterelles&#8221; et &#8220;Lutins&#8221; ont d\u00e9couvert leur nouveau coin livre adapt\u00e9 et leurs nouveaux amis les marionnettes. L&#8217;occasion de d\u00e9couvrir et profiter de belles histoires tous ensemble. Vacances de Printemps 2026 Vacances d&#8217;Hiver 2026<\/p>\n","protected":false},"author":5,"featured_media":0,"parent":819,"menu_order":3,"comment_status":"closed","ping_status":"closed","template":"","meta":{"footnotes":""},"class_list":["post-2109","page","type-page","status-publish","hentry"],"_links":{"self":[{"href":"https:\/\/afb26.org\/index.php?rest_route=\/wp\/v2\/pages\/2109","targetHints":{"allow":["GET"]}}],"collection":[{"href":"https:\/\/afb26.org\/index.php?rest_route=\/wp\/v2\/pages"}],"about":[{"href":"https:\/\/afb26.org\/index.php?rest_route=\/wp\/v2\/types\/page"}],"author":[{"embeddable":true,"href":"https:\/\/afb26.org\/index.php?rest_route=\/wp\/v2\/users\/5"}],"replies":[{"embeddable":true,"href":"https:\/\/afb26.org\/index.php?rest_route=%2Fwp%2Fv2%2Fcomments&post=2109"}],"version-history":[{"count":21,"href":"https:\/\/afb26.org\/index.php?rest_route=\/wp\/v2\/pages\/2109\/revisions"}],"predecessor-version":[{"id":7555,"href":"https:\/\/afb26.org\/index.php?rest_route=\/wp\/v2\/pages\/2109\/revisions\/7555"}],"up":[{"embeddable":true,"href":"https:\/\/afb26.org\/index.php?rest_route=\/wp\/v2\/pages\/819"}],"wp:attachment":[{"href":"https:\/\/afb26.org\/index.php?rest_route=%2Fwp%2Fv2%2Fmedia&parent=2109"}],"curies":[{"name":"wp","href":"https:\/\/api.w.org\/{rel}","templated":true}]}}