{"id":2116,"date":"2022-03-30T14:07:27","date_gmt":"2022-03-30T12:07:27","guid":{"rendered":"http:\/\/afb26.org\/?page_id=2116"},"modified":"2025-04-17T18:40:47","modified_gmt":"2025-04-17T16:40:47","slug":"lequipe-des-vacances","status":"publish","type":"page","link":"https:\/\/afb26.org\/?page_id=2116","title":{"rendered":"L&#8217;\u00e9quipe des vacances"},"content":{"rendered":"\n<p>La Directrice, Karine Bourlay Ziolkowski, est charg\u00e9e de l&#8217;ensemble de la gestion de la structure.<\/p>\n\n\n\n<p><strong>Pour les vacances d&#8217;automne, d&#8217;hiver et de printemps<\/strong>, l&#8217;\u00e9quipe se compose des trois animateurs permanents ainsi que d&#8217;un animateur saisonnier. Pour les vacances de printemps 2025, Louise, Yannick, Karine Long et Ad\u00e8le seront les animateurs de vos enfants.<\/p>\n\n\n\n<p><strong>Pour les vacances d&#8217;\u00e9t\u00e9<\/strong>, l&#8217;\u00e9quipe permanente se r\u00e9partit sur les deux mois d&#8217;activit\u00e9 : Karine est Directrice en juillet et une personne la remplace en ao\u00fbt. En compl\u00e9ment plusieurs animateurs saisonniers viennent renforcer l&#8217;\u00e9quipe permanente.<\/p>\n\n\n\n<p><strong>Pour chaque p\u00e9riode d&#8217;ouverture <\/strong>: Sylwia Weiner s&#8217;occupe du service des repas et de l&#8217;entretien des locaux.<\/p>\n","protected":false},"excerpt":{"rendered":"<p>La Directrice, Karine Bourlay Ziolkowski, est charg\u00e9e de l&#8217;ensemble de la gestion de la structure. Pour les vacances d&#8217;automne, d&#8217;hiver et de printemps, l&#8217;\u00e9quipe se compose des trois animateurs permanents ainsi que d&#8217;un animateur saisonnier. Pour les vacances de printemps 2025, Louise, Yannick, Karine Long et Ad\u00e8le seront les animateurs de vos enfants. Pour les &hellip;<\/p>\n","protected":false},"author":5,"featured_media":0,"parent":819,"menu_order":4,"comment_status":"closed","ping_status":"closed","template":"","meta":{"footnotes":""},"class_list":["post-2116","page","type-page","status-publish","hentry"],"_links":{"self":[{"href":"https:\/\/afb26.org\/index.php?rest_route=\/wp\/v2\/pages\/2116","targetHints":{"allow":["GET"]}}],"collection":[{"href":"https:\/\/afb26.org\/index.php?rest_route=\/wp\/v2\/pages"}],"about":[{"href":"https:\/\/afb26.org\/index.php?rest_route=\/wp\/v2\/types\/page"}],"author":[{"embeddable":true,"href":"https:\/\/afb26.org\/index.php?rest_route=\/wp\/v2\/users\/5"}],"replies":[{"embeddable":true,"href":"https:\/\/afb26.org\/index.php?rest_route=%2Fwp%2Fv2%2Fcomments&post=2116"}],"version-history":[{"count":6,"href":"https:\/\/afb26.org\/index.php?rest_route=\/wp\/v2\/pages\/2116\/revisions"}],"predecessor-version":[{"id":6115,"href":"https:\/\/afb26.org\/index.php?rest_route=\/wp\/v2\/pages\/2116\/revisions\/6115"}],"up":[{"embeddable":true,"href":"https:\/\/afb26.org\/index.php?rest_route=\/wp\/v2\/pages\/819"}],"wp:attachment":[{"href":"https:\/\/afb26.org\/index.php?rest_route=%2Fwp%2Fv2%2Fmedia&parent=2116"}],"curies":[{"name":"wp","href":"https:\/\/api.w.org\/{rel}","templated":true}]}}

L&#8217;équipe des vacances

<p>La Directrice, Karine Bourlay Ziolkowski, est chargée de l&#8217;ensemble de la gestion de la structure.</p>



<p><strong>Pour les vacances d&#8217;automne, d&#8217;hiver et de printemps</strong>, l&#8217;équipe se compose des trois animateurs permanents ainsi que d&#8217;un animateur saisonnier. Pour les vacances de printemps 2025, Louise, Yannick, Karine Long et Adèle seront les animateurs de vos enfants.</p>



<p><strong>Pour les vacances d&#8217;été</strong>, l&#8217;équipe permanente se répartit sur les deux mois d&#8217;activité : Karine est Directrice en juillet et une personne la remplace en août. En complément plusieurs animateurs saisonniers viennent renforcer l&#8217;équipe permanente.</p>



<p><strong>Pour chaque période d&#8217;ouverture </strong>: Sylwia Weiner s&#8217;occupe du service des repas et de l&#8217;entretien des locaux.</p>

<p>La Directrice, Karine Bourlay Ziolkowski, est chargée de l&#8217;ensemble de la gestion de la structure. Pour les vacances d&#8217;automne, d&#8217;hiver et de printemps, l&#8217;équipe se compose des trois animateurs permanents ainsi que d&#8217;un animateur saisonnier. Pour les vacances de printemps 2025, Louise, Yannick, Karine Long et Adèle seront les animateurs de vos enfants. Pour les &hellip;</p>
