{"id":2419,"date":"2022-04-20T16:17:09","date_gmt":"2022-04-20T14:17:09","guid":{"rendered":"https:\/\/afb26.org\/?page_id=2419"},"modified":"2026-01-20T14:32:10","modified_gmt":"2026-01-20T13:32:10","slug":"nous-recrutons","status":"publish","type":"page","link":"https:\/\/afb26.org\/?page_id=2419","title":{"rendered":"Nous recrutons"},"content":{"rendered":"\n<h2 class=\"wp-block-heading has-large-font-size\">Le centre social recrute <\/h2>\n\n\n\n<p>L&#8217;AFB &#8211; Centre social recrute de mani\u00e8re permanente et saisonni\u00e8re, des personnes qui ont envie de travailler dans les domaines de la petite enfance, l&#8217;enfance, les loisirs, les activit\u00e9s socioculturelles, le lien social ou des t\u00e2ches administratives.<\/p>\n\n\n\n<p>Tout le monde peut postuler de mani\u00e8re spontan\u00e9e, toute candidature sera \u00e9tudi\u00e9e.<\/p>\n\n\n\n<p class=\"has-suki-color-1-color has-text-color\"><\/p>\n\n\n\n<h2 class=\"wp-block-heading has-large-font-size\">Pour notre Multi-accueil Les Souris Vertes, nous recherchons tout au long de l&#8217;ann\u00e9e<\/h2>\n\n\n\n<p>nous recherchons r\u00e9guli\u00e8rement des professionnels de la petite enfance pour des remplacements. N&#8217;h\u00e9sitez pas \u00e0 nous faire parvenir CV+Lettre de motivation.<\/p>\n\n\n\n<p>Pour plus d&#8217;information ou pour postuler, contactez :<br><strong>C\u00e9line Jacquemond<\/strong> <strong>Hugues<\/strong><br>T\u00e9l. <strong>04 75 28 17 20<\/strong><br>Email : <a href=\"mailto:responsable.alsh@afb26.org\">responsable.svtes@afb26.org<\/a><\/p>\n\n\n\n<h2 class=\"wp-block-heading has-large-font-size\">Pour notre centre de loisirs le Chat Bott\u00e9, nous recherchons tout au long de l&#8217;ann\u00e9e<\/h2>\n\n\n\n<p class=\"has-suki-color-2-color has-text-color has-link-color has-regular-font-size wp-elements-beeb0e0869a89052bb0d1cc513d33f54\"><strong>Des animateurs vacataires pour les p\u00e9riodes de vacances scolaires (Zone A)<\/strong><\/p>\n\n\n\n<p>Pour plus d&#8217;information ou pour postuler, contactez : <br><strong>Adrien Allemandet<\/strong><br>T\u00e9l. <strong>04 75 27 68 24\u00a0<\/strong>\/\u00a0<strong>07 86 47 72 43<\/strong><br>Email : <a href=\"mailto:responsable.alsh@afb26.org\">responsable.alsh@afb26.org<\/a><\/p>\n","protected":false},"excerpt":{"rendered":"<p>Le centre social recrute L&#8217;AFB &#8211; Centre social recrute de mani\u00e8re permanente et saisonni\u00e8re, des personnes qui ont envie de travailler dans les domaines de la petite enfance, l&#8217;enfance, les loisirs, les activit\u00e9s socioculturelles, le lien social ou des t\u00e2ches administratives. Tout le monde peut postuler de mani\u00e8re spontan\u00e9e, toute candidature sera \u00e9tudi\u00e9e. Pour notre &hellip;<\/p>\n","protected":false},"author":5,"featured_media":0,"parent":0,"menu_order":0,"comment_status":"closed","ping_status":"closed","template":"","meta":{"footnotes":""},"class_list":["post-2419","page","type-page","status-publish","hentry"],"_links":{"self":[{"href":"https:\/\/afb26.org\/index.php?rest_route=\/wp\/v2\/pages\/2419","targetHints":{"allow":["GET"]}}],"collection":[{"href":"https:\/\/afb26.org\/index.php?rest_route=\/wp\/v2\/pages"}],"about":[{"href":"https:\/\/afb26.org\/index.php?rest_route=\/wp\/v2\/types\/page"}],"author":[{"embeddable":true,"href":"https:\/\/afb26.org\/index.php?rest_route=\/wp\/v2\/users\/5"}],"replies":[{"embeddable":true,"href":"https:\/\/afb26.org\/index.php?rest_route=%2Fwp%2Fv2%2Fcomments&post=2419"}],"version-history":[{"count":31,"href":"https:\/\/afb26.org\/index.php?rest_route=\/wp\/v2\/pages\/2419\/revisions"}],"predecessor-version":[{"id":7211,"href":"https:\/\/afb26.org\/index.php?rest_route=\/wp\/v2\/pages\/2419\/revisions\/7211"}],"wp:attachment":[{"href":"https:\/\/afb26.org\/index.php?rest_route=%2Fwp%2Fv2%2Fmedia&parent=2419"}],"curies":[{"name":"wp","href":"https:\/\/api.w.org\/{rel}","templated":true}]}}

<h2 class="wp-block-heading has-large-font-size">Le centre social recrute </h2>



<p>L&#8217;AFB &#8211; Centre social recrute de manière permanente et saisonnière, des personnes qui ont envie de travailler dans les domaines de la petite enfance, l&#8217;enfance, les loisirs, les activités socioculturelles, le lien social ou des tâches administratives.</p>



<p>Tout le monde peut postuler de manière spontanée, toute candidature sera étudiée.</p>



<p class="has-suki-color-1-color has-text-color"></p>



<h2 class="wp-block-heading has-large-font-size">Pour notre Multi-accueil Les Souris Vertes, nous recherchons tout au long de l&#8217;année</h2>



<p>nous recherchons régulièrement des professionnels de la petite enfance pour des remplacements. N&#8217;hésitez pas à nous faire parvenir CV+Lettre de motivation.</p>



<p>Pour plus d&#8217;information ou pour postuler, contactez :<br><strong>Céline Jacquemond</strong> <strong>Hugues</strong><br>Tél. <strong>04 75 28 17 20</strong><br>Email : <a href="mailto:responsable.alsh@afb26.org">responsable.svtes@afb26.org</a></p>



<h2 class="wp-block-heading has-large-font-size">Pour notre centre de loisirs le Chat Botté, nous recherchons tout au long de l&#8217;année</h2>



<p class="has-suki-color-2-color has-text-color has-link-color has-regular-font-size wp-elements-beeb0e0869a89052bb0d1cc513d33f54"><strong>Des animateurs vacataires pour les périodes de vacances scolaires (Zone A)</strong></p>



<p>Pour plus d&#8217;information ou pour postuler, contactez : <br><strong>Adrien Allemandet</strong><br>Tél. <strong>04 75 27 68 24 </strong>/ <strong>07 86 47 72 43</strong><br>Email : <a href="mailto:responsable.alsh@afb26.org">responsable.alsh@afb26.org</a></p>

<p>Le centre social recrute L&#8217;AFB &#8211; Centre social recrute de manière permanente et saisonnière, des personnes qui ont envie de travailler dans les domaines de la petite enfance, l&#8217;enfance, les loisirs, les activités socioculturelles, le lien social ou des tâches administratives. Tout le monde peut postuler de manière spontanée, toute candidature sera étudiée. Pour notre &hellip;</p>
