{"id":351,"date":"2021-07-22T09:42:09","date_gmt":"2021-07-22T07:42:09","guid":{"rendered":"http:\/\/afb26.org\/?page_id=351"},"modified":"2025-01-20T12:58:55","modified_gmt":"2025-01-20T11:58:55","slug":"projet-social-2017-2020","status":"publish","type":"page","link":"https:\/\/afb26.org\/?page_id=351","title":{"rendered":"Projet Social 2017-2020"},"content":{"rendered":"\n<p class=\"has-text-align-center has-medium-font-size\">C&#8217;est en 2011 que l&#8217;AFB a obtenu, pour le premi\u00e8re fois, son agr\u00e9ment Espace de Vie Social, d\u00e9livr\u00e9 par la CAF. Cet agr\u00e9ment \u00e0 \u00e9t\u00e9 renouvel\u00e9 tous les 4 ans jusqu&#8217;en 2022, o\u00f9 l&#8217;AFB est devenu Centre Social. <\/p>\n\n\n\n<p class=\"has-text-align-center\">Vous trouverez ci-dessous le projet Social de 2017 \u00e0 2020<\/p>\n\n\n\n<div data-wp-interactive=\"core\/file\" class=\"wp-block-file\"><object data-wp-bind--hidden=\"!state.hasPdfPreview\" hidden class=\"wp-block-file__embed\" data=\"https:\/\/afb26.org\/wp-content\/uploads\/2021\/07\/projet-social-2017-2020-AFB.pdf\" type=\"application\/pdf\" style=\"width:100%;height:600px\" aria-label=\"Contenu embarqu\u00e9 projet-social-2017-2020-AFB.\"><\/object><a id=\"wp-block-file--media-04fe6840-59a6-4374-9927-81be6714e2b6\" href=\"https:\/\/afb26.org\/wp-content\/uploads\/2021\/07\/projet-social-2017-2020-AFB.pdf\">projet-social-2017-2020-AFB<\/a><a href=\"https:\/\/afb26.org\/wp-content\/uploads\/2021\/07\/projet-social-2017-2020-AFB.pdf\" class=\"wp-block-file__button wp-element-button\" download aria-describedby=\"wp-block-file--media-04fe6840-59a6-4374-9927-81be6714e2b6\">T\u00e9l\u00e9charger<\/a><\/div>\n","protected":false},"excerpt":{"rendered":"<p>C&#8217;est en 2011 que l&#8217;AFB a obtenu, pour le premi\u00e8re fois, son agr\u00e9ment Espace de Vie Social, d\u00e9livr\u00e9 par la CAF. Cet agr\u00e9ment \u00e0 \u00e9t\u00e9 renouvel\u00e9 tous les 4 ans jusqu&#8217;en 2022, o\u00f9 l&#8217;AFB est devenu Centre Social. Vous trouverez ci-dessous le projet Social de 2017 \u00e0 2020<\/p>\n","protected":false},"author":5,"featured_media":0,"parent":64,"menu_order":2,"comment_status":"closed","ping_status":"closed","template":"","meta":{"footnotes":""},"class_list":["post-351","page","type-page","status-publish","hentry"],"_links":{"self":[{"href":"https:\/\/afb26.org\/index.php?rest_route=\/wp\/v2\/pages\/351","targetHints":{"allow":["GET"]}}],"collection":[{"href":"https:\/\/afb26.org\/index.php?rest_route=\/wp\/v2\/pages"}],"about":[{"href":"https:\/\/afb26.org\/index.php?rest_route=\/wp\/v2\/types\/page"}],"author":[{"embeddable":true,"href":"https:\/\/afb26.org\/index.php?rest_route=\/wp\/v2\/users\/5"}],"replies":[{"embeddable":true,"href":"https:\/\/afb26.org\/index.php?rest_route=%2Fwp%2Fv2%2Fcomments&post=351"}],"version-history":[{"count":5,"href":"https:\/\/afb26.org\/index.php?rest_route=\/wp\/v2\/pages\/351\/revisions"}],"predecessor-version":[{"id":5608,"href":"https:\/\/afb26.org\/index.php?rest_route=\/wp\/v2\/pages\/351\/revisions\/5608"}],"up":[{"embeddable":true,"href":"https:\/\/afb26.org\/index.php?rest_route=\/wp\/v2\/pages\/64"}],"wp:attachment":[{"href":"https:\/\/afb26.org\/index.php?rest_route=%2Fwp%2Fv2%2Fmedia&parent=351"}],"curies":[{"name":"wp","href":"https:\/\/api.w.org\/{rel}","templated":true}]}}

<p class="has-text-align-center has-medium-font-size">C&#8217;est en 2011 que l&#8217;AFB a obtenu, pour le première fois, son agrément Espace de Vie Social, délivré par la CAF. Cet agrément à été renouvelé tous les 4 ans jusqu&#8217;en 2022, où l&#8217;AFB est devenu Centre Social. </p>



<p class="has-text-align-center">Vous trouverez ci-dessous le projet Social de 2017 à 2020</p>



<div data-wp-interactive="core/file" class="wp-block-file"><object data-wp-bind--hidden="!state.hasPdfPreview" hidden class="wp-block-file__embed" data="https://afb26.org/wp-content/uploads/2021/07/projet-social-2017-2020-AFB.pdf" type="application/pdf" style="width:100%;height:600px" aria-label="Contenu embarqué projet-social-2017-2020-AFB."></object><a id="wp-block-file--media-04fe6840-59a6-4374-9927-81be6714e2b6" href="https://afb26.org/wp-content/uploads/2021/07/projet-social-2017-2020-AFB.pdf">projet-social-2017-2020-AFB</a><a href="https://afb26.org/wp-content/uploads/2021/07/projet-social-2017-2020-AFB.pdf" class="wp-block-file__button wp-element-button" download aria-describedby="wp-block-file--media-04fe6840-59a6-4374-9927-81be6714e2b6">Télécharger</a></div>

<p>C&#8217;est en 2011 que l&#8217;AFB a obtenu, pour le première fois, son agrément Espace de Vie Social, délivré par la CAF. Cet agrément à été renouvelé tous les 4 ans jusqu&#8217;en 2022, où l&#8217;AFB est devenu Centre Social. Vous trouverez ci-dessous le projet Social de 2017 à 2020</p>
