{"id":370,"date":"2021-07-26T14:55:44","date_gmt":"2021-07-26T12:55:44","guid":{"rendered":"http:\/\/afb26.org\/?page_id=370"},"modified":"2023-02-24T11:03:32","modified_gmt":"2023-02-24T10:03:32","slug":"le-coin-des-parents-2","status":"publish","type":"page","link":"https:\/\/afb26.org\/?page_id=370","title":{"rendered":"L&#8217;\u00e9quipe"},"content":{"rendered":"\n<p class=\"has-text-align-center\"><\/p>\n\n\n\n<div class=\"wp-block-columns is-layout-flex wp-container-core-columns-is-layout-9d6595d7 wp-block-columns-is-layout-flex\">\n<div class=\"wp-block-column is-layout-flow wp-block-column-is-layout-flow\" style=\"flex-basis:33.33%\">\n<figure class=\"wp-block-image size-full\"><img loading=\"lazy\" decoding=\"async\" width=\"504\" height=\"307\" src=\"https:\/\/afb26.org\/wp-content\/uploads\/2023\/02\/equipe-SV-1.png\" alt=\"\" class=\"wp-image-3181\" srcset=\"https:\/\/afb26.org\/wp-content\/uploads\/2023\/02\/equipe-SV-1.png 504w, https:\/\/afb26.org\/wp-content\/uploads\/2023\/02\/equipe-SV-1-300x183.png 300w\" sizes=\"auto, (max-width: 504px) 100vw, 504px\" \/><\/figure>\n<\/div>\n\n\n\n<div class=\"wp-block-column is-layout-flow wp-block-column-is-layout-flow\" style=\"flex-basis:66.66%\">\n<p><strong>L&#8217;\u00e9quipe des Souris Vertes est compos\u00e9e de 8 personnes : <\/strong><\/p>\n\n\n\n<p>la <em>directrice dipl\u00f4m\u00e9e d&#8217;Etat d&#8217;\u00e9ducatrice de jeunes enfants<\/em> et une <em>\u00e9ducatrice de jeunes enfants<\/em> en continuit\u00e9 de direction<\/p>\n\n\n\n<p>Une <em>auxiliaire de puericulture<\/em><\/p>\n\n\n\n<p>4 <em>animatrices sp\u00e9cialis\u00e9es petite enfance<\/em><\/p>\n\n\n\n<p>et une <em>ma\u00eetresse de maison.<\/em><\/p>\n\n\n\n<p><\/p>\n<\/div>\n<\/div>\n\n\n\n<div class=\"wp-block-columns is-layout-flex wp-container-core-columns-is-layout-9d6595d7 wp-block-columns-is-layout-flex\">\n<div class=\"wp-block-column is-layout-flow wp-block-column-is-layout-flow\">\n<p><\/p>\n<\/div>\n<\/div>\n\n\n\n<p><strong>Un planning annuel<\/strong> \u00e9tabli d\u00e8s la rentr\u00e9e indique \u00e0 chacune d&#8217;entre nous quel groupe elle prend en charge pour l&#8217;ann\u00e9e (les petits ou les grands). Ce planning permet aux enfants d&#8217;avoir des personnes &#8220;rep\u00e8res&#8221; mais aussi de b\u00e9n\u00e9ficier d&#8217;un panel de personnes diff\u00e9rentes, donc de comp\u00e9tences compl\u00e9mentaires Au fur et \u00e0 mesure que les enfants grandissent, une r\u00e9f\u00e9rente du c\u00f4t\u00e9 des b\u00e9b\u00e9s suivra les plus grands du groupe en passant avec eux c\u00f4t\u00e9 grands.<\/p>\n\n\n\n<p>Au quotidien, du c\u00f4t\u00e9 des plus petits comme des plus grands, nous assurons une pr\u00e9sence de 7h45 \u00e0 18h du lundi au vendredi. Nous proposons, animons, observons, calinons, improvisons&#8230; tout au long de la journ\u00e9e. <\/p>\n\n\n\n<p>Nous colorons notre pratique d&#8217;observations des enfants pour nous ajuster au mieux, de p\u00e9dagogies que l&#8217;on essaie, de psychologies fond\u00e9es sur nos lectures, des neurosciences qui nous inspirent et surtout de notre cr\u00e9ativit\u00e9 pour r\u00e9pondre au mieux \u00e0 tous les petits tracas du quotidien.<\/p>\n\n\n\n<p>L&#8217;\u00e9quipe se forme continuellement en psychologie de l&#8217;enfant, en p\u00e9dagogie, en animation, en soins p\u00e9diatriques &#8230;<\/p>\n\n\n\n<p>Des r\u00e9unions d&#8217;\u00e9quipe sur la p\u00e9dagogie et sur la pratique professionnelle ont lieu tous les 15 jours.<\/p>\n\n\n\n<div class=\"wp-block-columns is-layout-flex wp-container-core-columns-is-layout-9d6595d7 wp-block-columns-is-layout-flex\">\n<div class=\"wp-block-column is-layout-flow wp-block-column-is-layout-flow\" style=\"flex-basis:66.66%\">\n<p><strong>La Gazette des Souricettes<\/strong><\/p>\n\n\n\n<p>Une fois par trimestre, les Souris Vertes composent en \u00e9quipe une Gazette.<br>Un petit journal destin\u00e9 aux parents, et \u00e0 appr\u00e9cier avec leurs enfants !!<br>On y retrouve diff\u00e9rentes informations concernant la petite enfance mais aussi des moments de vie \u00e0 la cr\u00e8che, des recettes \u00e0 partager, les chansons et comptines, des photos\u2026<\/p>\n<\/div>\n\n\n\n<div class=\"wp-block-column is-layout-flow wp-block-column-is-layout-flow\" style=\"flex-basis:33.33%\">\n<figure class=\"wp-block-image size-full is-resized is-style-default\"><img decoding=\"async\" src=\"https:\/\/afb26.org\/wp-content\/uploads\/2022\/05\/Image1-1.png\" alt=\"\" class=\"wp-image-2707\" width=\"150\" srcset=\"https:\/\/afb26.org\/wp-content\/uploads\/2022\/05\/Image1-1.png 773w, https:\/\/afb26.org\/wp-content\/uploads\/2022\/05\/Image1-1-234x300.png 234w, https:\/\/afb26.org\/wp-content\/uploads\/2022\/05\/Image1-1-768x986.png 768w\" sizes=\"(max-width: 773px) 100vw, 773px\" \/><\/figure>\n<\/div>\n<\/div>\n\n\n\n<div class=\"wp-block-columns is-layout-flex wp-container-core-columns-is-layout-9d6595d7 wp-block-columns-is-layout-flex\">\n<div class=\"wp-block-column is-layout-flow wp-block-column-is-layout-flow\"><div class=\"wp-block-image\">\n<figure class=\"alignright size-medium\"><img loading=\"lazy\" decoding=\"async\" width=\"203\" height=\"300\" src=\"https:\/\/afb26.org\/wp-content\/uploads\/2023\/02\/parentalitemonamouraccueil-1-203x300.jpg\" alt=\"\" class=\"wp-image-3183\" srcset=\"https:\/\/afb26.org\/wp-content\/uploads\/2023\/02\/parentalitemonamouraccueil-1-203x300.jpg 203w, https:\/\/afb26.org\/wp-content\/uploads\/2023\/02\/parentalitemonamouraccueil-1.jpg 396w\" sizes=\"auto, (max-width: 203px) 100vw, 203px\" \/><\/figure>\n<\/div><\/div>\n\n\n\n<div class=\"wp-block-column is-layout-flow wp-block-column-is-layout-flow\">\n<p><\/p>\n\n\n\n<p class=\"has-text-align-left has-medium-font-size\">Nous recommandons cette \u00e9mission, \u00e0 regarder en podcast, qui peut \u00eatre une ressource \u00e9ducative pour les parents&#8230;!<\/p>\n\n\n\n<p class=\"has-medium-font-size\"><a rel=\"noreferrer noopener\" href=\"https:\/\/www.radio-mega.com\/emissions\/les-speciales-radio-mega\/245-parentalite-radio-mega-valence\" target=\"_blank\">Parentalit\u00e9 mon Amour &#8211; Radio M\u00e9ga (radio-mega.com)<\/a><\/p>\n<\/div>\n\n\n\n<div class=\"wp-block-column is-layout-flow wp-block-column-is-layout-flow\"><\/div>\n<\/div>\n\n\n\n<div class=\"wp-block-columns is-layout-flex wp-container-core-columns-is-layout-9d6595d7 wp-block-columns-is-layout-flex\">\n<div class=\"wp-block-column is-layout-flow wp-block-column-is-layout-flow\" style=\"flex-basis:66.66%\">\n<p><\/p>\n<\/div>\n<\/div>\n\n\n\n<p><\/p>\n\n\n\n<p><\/p>\n","protected":false},"excerpt":{"rendered":"<p>L&#8217;\u00e9quipe des Souris Vertes est compos\u00e9e de 8 personnes : la directrice dipl\u00f4m\u00e9e d&#8217;Etat d&#8217;\u00e9ducatrice de jeunes enfants et une \u00e9ducatrice de jeunes enfants en continuit\u00e9 de direction Une auxiliaire de puericulture 4 animatrices sp\u00e9cialis\u00e9es petite enfance et une ma\u00eetresse de maison. Un planning annuel \u00e9tabli d\u00e8s la rentr\u00e9e indique \u00e0 chacune d&#8217;entre nous quel &hellip;<\/p>\n","protected":false},"author":7,"featured_media":0,"parent":112,"menu_order":1,"comment_status":"closed","ping_status":"closed","template":"","meta":{"footnotes":""},"class_list":["post-370","page","type-page","status-publish","hentry"],"_links":{"self":[{"href":"https:\/\/afb26.org\/index.php?rest_route=\/wp\/v2\/pages\/370","targetHints":{"allow":["GET"]}}],"collection":[{"href":"https:\/\/afb26.org\/index.php?rest_route=\/wp\/v2\/pages"}],"about":[{"href":"https:\/\/afb26.org\/index.php?rest_route=\/wp\/v2\/types\/page"}],"author":[{"embeddable":true,"href":"https:\/\/afb26.org\/index.php?rest_route=\/wp\/v2\/users\/7"}],"replies":[{"embeddable":true,"href":"https:\/\/afb26.org\/index.php?rest_route=%2Fwp%2Fv2%2Fcomments&post=370"}],"version-history":[{"count":12,"href":"https:\/\/afb26.org\/index.php?rest_route=\/wp\/v2\/pages\/370\/revisions"}],"predecessor-version":[{"id":3184,"href":"https:\/\/afb26.org\/index.php?rest_route=\/wp\/v2\/pages\/370\/revisions\/3184"}],"up":[{"embeddable":true,"href":"https:\/\/afb26.org\/index.php?rest_route=\/wp\/v2\/pages\/112"}],"wp:attachment":[{"href":"https:\/\/afb26.org\/index.php?rest_route=%2Fwp%2Fv2%2Fmedia&parent=370"}],"curies":[{"name":"wp","href":"https:\/\/api.w.org\/{rel}","templated":true}]}}