{"id":372,"date":"2021-07-26T15:26:35","date_gmt":"2021-07-26T13:26:35","guid":{"rendered":"http:\/\/afb26.org\/?page_id=372"},"modified":"2022-07-22T10:03:38","modified_gmt":"2022-07-22T08:03:38","slug":"le-coin-des-enfants-2","status":"publish","type":"page","link":"https:\/\/afb26.org\/?page_id=372","title":{"rendered":"Notre organisation"},"content":{"rendered":"<div class=\"wp-block-image\">\n<figure class=\"aligncenter size-full\"><img loading=\"lazy\" decoding=\"async\" width=\"666\" height=\"359\" src=\"https:\/\/afb26.org\/wp-content\/uploads\/2022\/07\/fil-linge-transp.png\" alt=\"\" class=\"wp-image-2846\" srcset=\"https:\/\/afb26.org\/wp-content\/uploads\/2022\/07\/fil-linge-transp.png 666w, https:\/\/afb26.org\/wp-content\/uploads\/2022\/07\/fil-linge-transp-300x162.png 300w\" sizes=\"auto, (max-width: 666px) 100vw, 666px\" \/><\/figure>\n<\/div>\n\n\n<p>Nous accueillons les enfants de 2 mois et demi \u00e0 presque 4 ans, les besoins de chacun sont donc tr\u00e8s diff\u00e9rents. Nous disposons de 2 espaces diff\u00e9rents: l&#8217;<strong> &#8220;espace b\u00e9b\u00e9&#8221;<\/strong> et l&#8217;<strong>&#8220;espace grand&#8221;<\/strong>, qui sont d\u00e9termin\u00e9s par l&#8217;\u00e9quipe selon l&#8217;\u00e2ge de l&#8217;enfant, mais aussi en fonction de son \u00e9veil et de son d\u00e9veloppement et de l&#8217;harmonie du groupe.<\/p>\n\n\n\n<div class=\"wp-block-media-text alignwide is-stacked-on-mobile\" style=\"grid-template-columns:21% auto\"><figure class=\"wp-block-media-text__media\"><img loading=\"lazy\" decoding=\"async\" width=\"1024\" height=\"791\" src=\"https:\/\/afb26.org\/wp-content\/uploads\/2022\/07\/baby-sleeping-g539caa2d2_1280-1024x791.png\" alt=\"\" class=\"wp-image-2847 size-full\" srcset=\"https:\/\/afb26.org\/wp-content\/uploads\/2022\/07\/baby-sleeping-g539caa2d2_1280-1024x791.png 1024w, https:\/\/afb26.org\/wp-content\/uploads\/2022\/07\/baby-sleeping-g539caa2d2_1280-300x232.png 300w, https:\/\/afb26.org\/wp-content\/uploads\/2022\/07\/baby-sleeping-g539caa2d2_1280-768x593.png 768w, https:\/\/afb26.org\/wp-content\/uploads\/2022\/07\/baby-sleeping-g539caa2d2_1280.png 1280w\" sizes=\"auto, (max-width: 1024px) 100vw, 1024px\" \/><\/figure><div class=\"wp-block-media-text__content\">\n<p class=\"has-medium-font-size\">          <strong><span style=\"color:#3081cc\" class=\"tadv-color\">Du c\u00f4t\u00e9 des b\u00e9b\u00e9s<\/span><\/strong>, se trouve le groupe des plus petits, ceux qui ont besoin de dormir et de manger selon leurs rythmes biologiques individuels, et qui ont besoin d&#8217;une ambiance cocooning. Il y a aussi des enfants qui se d\u00e9placent, qui ont besoin d&#8217;explorer et de d\u00e9couvrir de nouvelles activit\u00e9s, en toute s\u00e9curit\u00e9, en \u00e9tant tr\u00e8s accompagn\u00e9s et aid\u00e9s pour les repas et les soins quotidiens. Nous leur proposons une approche de la collectivit\u00e9 en douceur, par petits groupes de 2, 3 ou 4 enfants.<\/p>\n<\/div><\/div>\n\n\n\n<div class=\"wp-block-media-text alignwide has-media-on-the-right is-stacked-on-mobile\" style=\"grid-template-columns:auto 27%\"><figure class=\"wp-block-media-text__media\"><img loading=\"lazy\" decoding=\"async\" width=\"1024\" height=\"484\" src=\"https:\/\/afb26.org\/wp-content\/uploads\/2022\/07\/kids-gff785ffce_1280b-1024x484.png\" alt=\"\" class=\"wp-image-2848 size-full\" srcset=\"https:\/\/afb26.org\/wp-content\/uploads\/2022\/07\/kids-gff785ffce_1280b-1024x484.png 1024w, https:\/\/afb26.org\/wp-content\/uploads\/2022\/07\/kids-gff785ffce_1280b-300x142.png 300w, https:\/\/afb26.org\/wp-content\/uploads\/2022\/07\/kids-gff785ffce_1280b-768x363.png 768w, https:\/\/afb26.org\/wp-content\/uploads\/2022\/07\/kids-gff785ffce_1280b.png 1274w\" sizes=\"auto, (max-width: 1024px) 100vw, 1024px\" \/><\/figure><div class=\"wp-block-media-text__content\">\n<p class=\"has-text-align-right has-medium-font-size\">          <strong><span style=\"color:#3081cc\" class=\"tadv-color\">Du c\u00f4t\u00e9 des grands<\/span><\/strong>, se trouve les enfants qui sont pr\u00eats \u00e0 s&#8217;essayer \u00e0 de nouvelles activit\u00e9s, adapt\u00e9es \u00e0 leurs capacit\u00e9s motrices, pour affiner leur langage et approfondir le monde social qui les entoure.<\/p>\n<\/div><\/div>\n\n\n\n<p>Ils vont pouvoir poursuivre leur autonomie (au moment du repas, commencer \u00e0 s&#8217;habiller seul, ne plus mettre de couche&#8230;), et enrichir leur vocabulaire, affiner leurs activit\u00e9s sensorimotrice, aller vers des activit\u00e9s de plus en plus structur\u00e9es et \u00e9labor\u00e9es, avant leur envol vers l&#8217;\u00e9cole maternelle.<\/p>\n\n\n\n<p><\/p>\n\n\n\n<p><\/p>\n\n\n\n<p><\/p>\n\n\n\n<p><\/p>\n","protected":false},"excerpt":{"rendered":"<p>Nous accueillons les enfants de 2 mois et demi \u00e0 presque 4 ans, les besoins de chacun sont donc tr\u00e8s diff\u00e9rents. Nous disposons de 2 espaces diff\u00e9rents: l&#8217; &#8220;espace b\u00e9b\u00e9&#8221; et l&#8217;&#8220;espace grand&#8221;, qui sont d\u00e9termin\u00e9s par l&#8217;\u00e9quipe selon l&#8217;\u00e2ge de l&#8217;enfant, mais aussi en fonction de son \u00e9veil et de son d\u00e9veloppement et de &hellip;<\/p>\n","protected":false},"author":7,"featured_media":0,"parent":112,"menu_order":2,"comment_status":"closed","ping_status":"closed","template":"","meta":{"footnotes":""},"class_list":["post-372","page","type-page","status-publish","hentry"],"_links":{"self":[{"href":"https:\/\/afb26.org\/index.php?rest_route=\/wp\/v2\/pages\/372","targetHints":{"allow":["GET"]}}],"collection":[{"href":"https:\/\/afb26.org\/index.php?rest_route=\/wp\/v2\/pages"}],"about":[{"href":"https:\/\/afb26.org\/index.php?rest_route=\/wp\/v2\/types\/page"}],"author":[{"embeddable":true,"href":"https:\/\/afb26.org\/index.php?rest_route=\/wp\/v2\/users\/7"}],"replies":[{"embeddable":true,"href":"https:\/\/afb26.org\/index.php?rest_route=%2Fwp%2Fv2%2Fcomments&post=372"}],"version-history":[{"count":7,"href":"https:\/\/afb26.org\/index.php?rest_route=\/wp\/v2\/pages\/372\/revisions"}],"predecessor-version":[{"id":2849,"href":"https:\/\/afb26.org\/index.php?rest_route=\/wp\/v2\/pages\/372\/revisions\/2849"}],"up":[{"embeddable":true,"href":"https:\/\/afb26.org\/index.php?rest_route=\/wp\/v2\/pages\/112"}],"wp:attachment":[{"href":"https:\/\/afb26.org\/index.php?rest_route=%2Fwp%2Fv2%2Fmedia&parent=372"}],"curies":[{"name":"wp","href":"https:\/\/api.w.org\/{rel}","templated":true}]}}