{"id":3769,"date":"2023-07-06T12:06:56","date_gmt":"2023-07-06T10:06:56","guid":{"rendered":"https:\/\/afb26.org\/?page_id=3769"},"modified":"2025-05-13T11:31:47","modified_gmt":"2025-05-13T09:31:47","slug":"mises-a-dispo-velo-assistance-electrique","status":"publish","type":"page","link":"https:\/\/afb26.org\/?page_id=3769","title":{"rendered":"Mise \u00e0 dispo V\u00e9lo Assistance \u00c9lectrique"},"content":{"rendered":"\n<h2 class=\"wp-block-heading\">Mises \u00e0 disposition de V\u00e9los \u00e0 Assistance \u00c9lectrique : &#8220;V\u00e9lo pour Tous&#8221;<\/h2>\n\n\n\n<div class=\"wp-block-columns is-layout-flex wp-container-core-columns-is-layout-9d6595d7 wp-block-columns-is-layout-flex\">\n<div class=\"wp-block-column is-layout-flow wp-block-column-is-layout-flow\">\n<figure class=\"wp-block-image size-full\"><img loading=\"lazy\" decoding=\"async\" width=\"1755\" height=\"2481\" src=\"https:\/\/afb26.org\/wp-content\/uploads\/2025\/05\/Affiche-velo-pour-tous_V33_page-0001.jpg\" alt=\"\" class=\"wp-image-6241\" srcset=\"https:\/\/afb26.org\/wp-content\/uploads\/2025\/05\/Affiche-velo-pour-tous_V33_page-0001.jpg 1755w, https:\/\/afb26.org\/wp-content\/uploads\/2025\/05\/Affiche-velo-pour-tous_V33_page-0001-212x300.jpg 212w, https:\/\/afb26.org\/wp-content\/uploads\/2025\/05\/Affiche-velo-pour-tous_V33_page-0001-724x1024.jpg 724w, https:\/\/afb26.org\/wp-content\/uploads\/2025\/05\/Affiche-velo-pour-tous_V33_page-0001-768x1086.jpg 768w, https:\/\/afb26.org\/wp-content\/uploads\/2025\/05\/Affiche-velo-pour-tous_V33_page-0001-1087x1536.jpg 1087w, https:\/\/afb26.org\/wp-content\/uploads\/2025\/05\/Affiche-velo-pour-tous_V33_page-0001-1449x2048.jpg 1449w\" sizes=\"auto, (max-width: 1755px) 100vw, 1755px\" \/><\/figure>\n<\/div>\n\n\n\n<div class=\"wp-block-column is-layout-flow wp-block-column-is-layout-flow\">\n<figure class=\"wp-block-image size-full\"><img loading=\"lazy\" decoding=\"async\" width=\"724\" height=\"1024\" src=\"https:\/\/afb26.org\/wp-content\/uploads\/2024\/10\/Affiche-flyer-velo-pour-tous_page-0002-724x1024-1.jpg\" alt=\"\" class=\"wp-image-5394\" srcset=\"https:\/\/afb26.org\/wp-content\/uploads\/2024\/10\/Affiche-flyer-velo-pour-tous_page-0002-724x1024-1.jpg 724w, https:\/\/afb26.org\/wp-content\/uploads\/2024\/10\/Affiche-flyer-velo-pour-tous_page-0002-724x1024-1-212x300.jpg 212w\" sizes=\"auto, (max-width: 724px) 100vw, 724px\" \/><\/figure>\n<\/div>\n\n\n\n<div class=\"wp-block-column is-layout-flow wp-block-column-is-layout-flow\">\n<figure class=\"wp-block-image size-full\"><img loading=\"lazy\" decoding=\"async\" width=\"471\" height=\"665\" src=\"https:\/\/afb26.org\/wp-content\/uploads\/2023\/12\/image009-3.jpg\" alt=\"\" class=\"wp-image-4533\" srcset=\"https:\/\/afb26.org\/wp-content\/uploads\/2023\/12\/image009-3.jpg 471w, https:\/\/afb26.org\/wp-content\/uploads\/2023\/12\/image009-3-212x300.jpg 212w\" sizes=\"auto, (max-width: 471px) 100vw, 471px\" \/><\/figure>\n<\/div>\n<\/div>\n\n\n\n<div class=\"wp-block-columns is-layout-flex wp-container-core-columns-is-layout-9d6595d7 wp-block-columns-is-layout-flex\">\n<div class=\"wp-block-column is-layout-flow wp-block-column-is-layout-flow\" style=\"flex-basis:33.33%\"><div class=\"wp-block-image\">\n<figure class=\"alignright size-thumbnail\"><img loading=\"lazy\" decoding=\"async\" width=\"150\" height=\"150\" src=\"https:\/\/afb26.org\/wp-content\/uploads\/2023\/07\/velo-150x150.png\" alt=\"\" class=\"wp-image-3786\" srcset=\"https:\/\/afb26.org\/wp-content\/uploads\/2023\/07\/velo-150x150.png 150w, https:\/\/afb26.org\/wp-content\/uploads\/2023\/07\/velo-300x300.png 300w, https:\/\/afb26.org\/wp-content\/uploads\/2023\/07\/velo.png 512w\" sizes=\"auto, (max-width: 150px) 100vw, 150px\" \/><\/figure>\n<\/div><\/div>\n\n\n\n<div class=\"wp-block-column is-layout-flow wp-block-column-is-layout-flow\" style=\"flex-basis:66.66%\">\n<p class=\"has-medium-font-size\">Depuis <strong>juin 2023<\/strong>, l&#8217;AFB &#8211; Centre Social, est l&#8217;une des<strong> 4 antennes<\/strong> de la <strong>C<\/strong>ommunaut\u00e9 de<strong> C<\/strong>ommune des<strong> B<\/strong>aronnies en <strong>D<\/strong>r\u00f4me <strong>P<\/strong>roven\u00e7ale pour le dispositif <strong>\u00ab\u00a0V\u00e9lo pour Tous\u00a0\u00bb<\/strong>.<\/p>\n\n\n\n<p class=\"has-medium-font-size\">     Une mise \u00e0 disposition <strong>longue dur\u00e9e<\/strong> de v<strong>\u00e9los \u00e9lectrique<\/strong>s, \u00e0 <strong>tarif r\u00e9duit<\/strong>, pour les personnes rencontrant des <strong>probl\u00e8mes de mobilit\u00e9<\/strong> pour se rendre \u00e0 un emploi ou un stage.<\/p>\n<\/div>\n<\/div>\n\n\n\n<h2 class=\"wp-block-heading has-text-align-center\">Bilan 2024<\/h2>\n\n\n<div class=\"wp-block-image\">\n<figure class=\"aligncenter size-large is-resized\"><img loading=\"lazy\" decoding=\"async\" width=\"724\" height=\"1024\" src=\"https:\/\/afb26.org\/wp-content\/uploads\/2025\/04\/VPT-724x1024.png\" alt=\"\" class=\"wp-image-6072\" style=\"width:720px;height:1018px\" srcset=\"https:\/\/afb26.org\/wp-content\/uploads\/2025\/04\/VPT-724x1024.png 724w, https:\/\/afb26.org\/wp-content\/uploads\/2025\/04\/VPT-212x300.png 212w, https:\/\/afb26.org\/wp-content\/uploads\/2025\/04\/VPT-768x1086.png 768w, https:\/\/afb26.org\/wp-content\/uploads\/2025\/04\/VPT-1086x1536.png 1086w, https:\/\/afb26.org\/wp-content\/uploads\/2025\/04\/VPT.png 1414w\" sizes=\"auto, (max-width: 724px) 100vw, 724px\" \/><\/figure>\n<\/div>\n\n\n<p class=\"has-suki-color-2-color has-text-color has-large-font-size\"><strong><em>pour plus d&#8217;information contactez nous<\/em><\/strong><\/p>\n\n\n\n<p class=\"has-medium-font-size\"><strong>04 75 28 17 28 \/ accueil@afb26.org<\/strong><\/p>\n\n\n\n<p><\/p>\n","protected":false},"excerpt":{"rendered":"<p>Mises \u00e0 disposition de V\u00e9los \u00e0 Assistance \u00c9lectrique : &#8220;V\u00e9lo pour Tous&#8221; Depuis juin 2023, l&#8217;AFB &#8211; Centre Social, est l&#8217;une des 4 antennes de la Communaut\u00e9 de Commune des Baronnies en Dr\u00f4me Proven\u00e7ale pour le dispositif \u00ab\u00a0V\u00e9lo pour Tous\u00a0\u00bb. Une mise \u00e0 disposition longue dur\u00e9e de v\u00e9los \u00e9lectriques, \u00e0 tarif r\u00e9duit, pour les personnes &hellip;<\/p>\n","protected":false},"author":8,"featured_media":0,"parent":151,"menu_order":0,"comment_status":"closed","ping_status":"closed","template":"","meta":{"footnotes":""},"class_list":["post-3769","page","type-page","status-publish","hentry"],"_links":{"self":[{"href":"https:\/\/afb26.org\/index.php?rest_route=\/wp\/v2\/pages\/3769","targetHints":{"allow":["GET"]}}],"collection":[{"href":"https:\/\/afb26.org\/index.php?rest_route=\/wp\/v2\/pages"}],"about":[{"href":"https:\/\/afb26.org\/index.php?rest_route=\/wp\/v2\/types\/page"}],"author":[{"embeddable":true,"href":"https:\/\/afb26.org\/index.php?rest_route=\/wp\/v2\/users\/8"}],"replies":[{"embeddable":true,"href":"https:\/\/afb26.org\/index.php?rest_route=%2Fwp%2Fv2%2Fcomments&post=3769"}],"version-history":[{"count":9,"href":"https:\/\/afb26.org\/index.php?rest_route=\/wp\/v2\/pages\/3769\/revisions"}],"predecessor-version":[{"id":6242,"href":"https:\/\/afb26.org\/index.php?rest_route=\/wp\/v2\/pages\/3769\/revisions\/6242"}],"up":[{"embeddable":true,"href":"https:\/\/afb26.org\/index.php?rest_route=\/wp\/v2\/pages\/151"}],"wp:attachment":[{"href":"https:\/\/afb26.org\/index.php?rest_route=%2Fwp%2Fv2%2Fmedia&parent=3769"}],"curies":[{"name":"wp","href":"https:\/\/api.w.org\/{rel}","templated":true}]}}

Mise à dispo Vélo Assistance Électrique

<h2 class="wp-block-heading">Mises à disposition de Vélos à Assistance Électrique : &#8220;Vélo pour Tous&#8221;</h2>



<div class="wp-block-columns is-layout-flex wp-container-core-columns-is-layout-9d6595d7 wp-block-columns-is-layout-flex">
<div class="wp-block-column is-layout-flow wp-block-column-is-layout-flow">
<figure class="wp-block-image size-full"><img loading="lazy" decoding="async" width="1755" height="2481" src="https://afb26.org/wp-content/uploads/2025/05/Affiche-velo-pour-tous_V33_page-0001.jpg" alt="" class="wp-image-6241" srcset="https://afb26.org/wp-content/uploads/2025/05/Affiche-velo-pour-tous_V33_page-0001.jpg 1755w, https://afb26.org/wp-content/uploads/2025/05/Affiche-velo-pour-tous_V33_page-0001-212x300.jpg 212w, https://afb26.org/wp-content/uploads/2025/05/Affiche-velo-pour-tous_V33_page-0001-724x1024.jpg 724w, https://afb26.org/wp-content/uploads/2025/05/Affiche-velo-pour-tous_V33_page-0001-768x1086.jpg 768w, https://afb26.org/wp-content/uploads/2025/05/Affiche-velo-pour-tous_V33_page-0001-1087x1536.jpg 1087w, https://afb26.org/wp-content/uploads/2025/05/Affiche-velo-pour-tous_V33_page-0001-1449x2048.jpg 1449w" sizes="auto, (max-width: 1755px) 100vw, 1755px" /></figure>
</div>



<div class="wp-block-column is-layout-flow wp-block-column-is-layout-flow">
<figure class="wp-block-image size-full"><img loading="lazy" decoding="async" width="724" height="1024" src="https://afb26.org/wp-content/uploads/2024/10/Affiche-flyer-velo-pour-tous_page-0002-724x1024-1.jpg" alt="" class="wp-image-5394" srcset="https://afb26.org/wp-content/uploads/2024/10/Affiche-flyer-velo-pour-tous_page-0002-724x1024-1.jpg 724w, https://afb26.org/wp-content/uploads/2024/10/Affiche-flyer-velo-pour-tous_page-0002-724x1024-1-212x300.jpg 212w" sizes="auto, (max-width: 724px) 100vw, 724px" /></figure>
</div>



<div class="wp-block-column is-layout-flow wp-block-column-is-layout-flow">
<figure class="wp-block-image size-full"><img loading="lazy" decoding="async" width="471" height="665" src="https://afb26.org/wp-content/uploads/2023/12/image009-3.jpg" alt="" class="wp-image-4533" srcset="https://afb26.org/wp-content/uploads/2023/12/image009-3.jpg 471w, https://afb26.org/wp-content/uploads/2023/12/image009-3-212x300.jpg 212w" sizes="auto, (max-width: 471px) 100vw, 471px" /></figure>
</div>
</div>



<div class="wp-block-columns is-layout-flex wp-container-core-columns-is-layout-9d6595d7 wp-block-columns-is-layout-flex">
<div class="wp-block-column is-layout-flow wp-block-column-is-layout-flow" style="flex-basis:33.33%"><div class="wp-block-image">
<figure class="alignright size-thumbnail"><img loading="lazy" decoding="async" width="150" height="150" src="https://afb26.org/wp-content/uploads/2023/07/velo-150x150.png" alt="" class="wp-image-3786" srcset="https://afb26.org/wp-content/uploads/2023/07/velo-150x150.png 150w, https://afb26.org/wp-content/uploads/2023/07/velo-300x300.png 300w, https://afb26.org/wp-content/uploads/2023/07/velo.png 512w" sizes="auto, (max-width: 150px) 100vw, 150px" /></figure>
</div></div>



<div class="wp-block-column is-layout-flow wp-block-column-is-layout-flow" style="flex-basis:66.66%">
<p class="has-medium-font-size">Depuis <strong>juin 2023</strong>, l&#8217;AFB &#8211; Centre Social, est l&#8217;une des<strong> 4 antennes</strong> de la <strong>C</strong>ommunauté de<strong> C</strong>ommune des<strong> B</strong>aronnies en <strong>D</strong>rôme <strong>P</strong>rovençale pour le dispositif <strong>« Vélo pour Tous »</strong>.</p>



<p class="has-medium-font-size">     Une mise à disposition <strong>longue durée</strong> de v<strong>élos électrique</strong>s, à <strong>tarif réduit</strong>, pour les personnes rencontrant des <strong>problèmes de mobilité</strong> pour se rendre à un emploi ou un stage.</p>
</div>
</div>



<h2 class="wp-block-heading has-text-align-center">Bilan 2024</h2>


<div class="wp-block-image">
<figure class="aligncenter size-large is-resized"><img loading="lazy" decoding="async" width="724" height="1024" src="https://afb26.org/wp-content/uploads/2025/04/VPT-724x1024.png" alt="" class="wp-image-6072" style="width:720px;height:1018px" srcset="https://afb26.org/wp-content/uploads/2025/04/VPT-724x1024.png 724w, https://afb26.org/wp-content/uploads/2025/04/VPT-212x300.png 212w, https://afb26.org/wp-content/uploads/2025/04/VPT-768x1086.png 768w, https://afb26.org/wp-content/uploads/2025/04/VPT-1086x1536.png 1086w, https://afb26.org/wp-content/uploads/2025/04/VPT.png 1414w" sizes="auto, (max-width: 724px) 100vw, 724px" /></figure>
</div>


<p class="has-suki-color-2-color has-text-color has-large-font-size"><strong><em>pour plus d&#8217;information contactez nous</em></strong></p>



<p class="has-medium-font-size"><strong>04 75 28 17 28 / accueil@afb26.org</strong></p>



<p></p>

<p>Mises à disposition de Vélos à Assistance Électrique : &#8220;Vélo pour Tous&#8221; Depuis juin 2023, l&#8217;AFB &#8211; Centre Social, est l&#8217;une des 4 antennes de la Communauté de Commune des Baronnies en Drôme Provençale pour le dispositif « Vélo pour Tous ». Une mise à disposition longue durée de vélos électriques, à tarif réduit, pour les personnes &hellip;</p>
