{"id":3770,"date":"2023-07-06T12:06:56","date_gmt":"2023-07-06T10:06:56","guid":{"rendered":"https:\/\/afb26.org\/?page_id=3770"},"modified":"2025-04-15T16:21:13","modified_gmt":"2025-04-15T14:21:13","slug":"soutien-a-la-vie-associative","status":"publish","type":"page","link":"https:\/\/afb26.org\/?page_id=3770","title":{"rendered":"Soutien \u00e0 la Vie Associative"},"content":{"rendered":"\n<h2 class=\"wp-block-heading\">Soutien \u00e0 la Vie Associative<\/h2>\n\n\n\n<div class=\"wp-block-columns is-layout-flex wp-container-core-columns-is-layout-9d6595d7 wp-block-columns-is-layout-flex\">\n<div class=\"wp-block-column is-layout-flow wp-block-column-is-layout-flow\"><div class=\"wp-block-image\">\n<figure class=\"aligncenter size-full is-resized\"><a href=\"https:\/\/afb26.org\/?page_id=3771\"><img loading=\"lazy\" decoding=\"async\" width=\"900\" height=\"900\" src=\"https:\/\/afb26.org\/wp-content\/uploads\/2025\/04\/mini-bus.png\" alt=\"\" class=\"wp-image-6092\" style=\"width:400px\" srcset=\"https:\/\/afb26.org\/wp-content\/uploads\/2025\/04\/mini-bus.png 900w, https:\/\/afb26.org\/wp-content\/uploads\/2025\/04\/mini-bus-300x300.png 300w, https:\/\/afb26.org\/wp-content\/uploads\/2025\/04\/mini-bus-150x150.png 150w, https:\/\/afb26.org\/wp-content\/uploads\/2025\/04\/mini-bus-768x768.png 768w\" sizes=\"auto, (max-width: 900px) 100vw, 900px\" \/><\/a><\/figure>\n<\/div><\/div>\n\n\n\n<div class=\"wp-block-column is-layout-flow wp-block-column-is-layout-flow\"><div class=\"wp-block-image\">\n<figure class=\"aligncenter size-full is-resized\"><a href=\"https:\/\/afb26.org\/?page_id=3772\"><img loading=\"lazy\" decoding=\"async\" width=\"900\" height=\"900\" src=\"https:\/\/afb26.org\/wp-content\/uploads\/2025\/04\/salles.png\" alt=\"\" class=\"wp-image-6093\" style=\"width:400px\" srcset=\"https:\/\/afb26.org\/wp-content\/uploads\/2025\/04\/salles.png 900w, https:\/\/afb26.org\/wp-content\/uploads\/2025\/04\/salles-300x300.png 300w, https:\/\/afb26.org\/wp-content\/uploads\/2025\/04\/salles-150x150.png 150w, https:\/\/afb26.org\/wp-content\/uploads\/2025\/04\/salles-768x768.png 768w\" sizes=\"auto, (max-width: 900px) 100vw, 900px\" \/><\/a><\/figure>\n<\/div><\/div>\n<\/div>\n\n\n\n<p>Le soutien \u00e0 la vie associative est un besoin identifi\u00e9 sur le territoire depuis longtemps, confirm\u00e9 par le dernier diagnostic, auquel nous tentons de r\u00e9pondre au mieux, avec les moyens dont nous disposons.<\/p>\n\n\n\n<p>Malgr\u00e9 le manque d\u2019espace dans nos locaux, nous essayons d\u2019en optimiser l\u2019utilisation, en mettant \u00e0 dispositions des autres associations, les salles quand elles ne sont pas utilis\u00e9es par les activit\u00e9s du centre social. Nous avons \u00e9galement la gestion d\u2019un mini bus (9 place) appartenant \u00e0 la communaut\u00e9 de commune pour soutenir la mobilit\u00e9 des association locales, en contrepartie d\u2019une participation financi\u00e8re peu \u00e9lev\u00e9e.<\/p>\n\n\n\n<p>L\u2019AFB est actuellement en cours de r\u00e9flexion pour d\u00e9velopper une mise \u00e0 disposition de mat\u00e9riel divers&#8230;<\/p>\n\n\n\n<h3 class=\"wp-block-heading has-suki-color-2-color has-text-color has-link-color has-large-font-size wp-elements-206a3ea0437c22481e15cef04cdbf55d\">Pour en savoir plus vous pouvez nous contacter <\/h3>\n\n\n\n<p><strong>04 75 28 17 28 \/ accueil@afb26.org<\/strong><\/p>\n","protected":false},"excerpt":{"rendered":"<p>Soutien \u00e0 la Vie Associative Le soutien \u00e0 la vie associative est un besoin identifi\u00e9 sur le territoire depuis longtemps, confirm\u00e9 par le dernier diagnostic, auquel nous tentons de r\u00e9pondre au mieux, avec les moyens dont nous disposons. Malgr\u00e9 le manque d\u2019espace dans nos locaux, nous essayons d\u2019en optimiser l\u2019utilisation, en mettant \u00e0 dispositions des &hellip;<\/p>\n","protected":false},"author":8,"featured_media":0,"parent":6049,"menu_order":0,"comment_status":"closed","ping_status":"closed","template":"","meta":{"footnotes":""},"class_list":["post-3770","page","type-page","status-publish","hentry"],"_links":{"self":[{"href":"https:\/\/afb26.org\/index.php?rest_route=\/wp\/v2\/pages\/3770","targetHints":{"allow":["GET"]}}],"collection":[{"href":"https:\/\/afb26.org\/index.php?rest_route=\/wp\/v2\/pages"}],"about":[{"href":"https:\/\/afb26.org\/index.php?rest_route=\/wp\/v2\/types\/page"}],"author":[{"embeddable":true,"href":"https:\/\/afb26.org\/index.php?rest_route=\/wp\/v2\/users\/8"}],"replies":[{"embeddable":true,"href":"https:\/\/afb26.org\/index.php?rest_route=%2Fwp%2Fv2%2Fcomments&post=3770"}],"version-history":[{"count":4,"href":"https:\/\/afb26.org\/index.php?rest_route=\/wp\/v2\/pages\/3770\/revisions"}],"predecessor-version":[{"id":6103,"href":"https:\/\/afb26.org\/index.php?rest_route=\/wp\/v2\/pages\/3770\/revisions\/6103"}],"up":[{"embeddable":true,"href":"https:\/\/afb26.org\/index.php?rest_route=\/wp\/v2\/pages\/6049"}],"wp:attachment":[{"href":"https:\/\/afb26.org\/index.php?rest_route=%2Fwp%2Fv2%2Fmedia&parent=3770"}],"curies":[{"name":"wp","href":"https:\/\/api.w.org\/{rel}","templated":true}]}}

Soutien à la Vie Associative

<h2 class="wp-block-heading">Soutien à la Vie Associative</h2>



<div class="wp-block-columns is-layout-flex wp-container-core-columns-is-layout-9d6595d7 wp-block-columns-is-layout-flex">
<div class="wp-block-column is-layout-flow wp-block-column-is-layout-flow"><div class="wp-block-image">
<figure class="aligncenter size-full is-resized"><a href="https://afb26.org/?page_id=3771"><img loading="lazy" decoding="async" width="900" height="900" src="https://afb26.org/wp-content/uploads/2025/04/mini-bus.png" alt="" class="wp-image-6092" style="width:400px" srcset="https://afb26.org/wp-content/uploads/2025/04/mini-bus.png 900w, https://afb26.org/wp-content/uploads/2025/04/mini-bus-300x300.png 300w, https://afb26.org/wp-content/uploads/2025/04/mini-bus-150x150.png 150w, https://afb26.org/wp-content/uploads/2025/04/mini-bus-768x768.png 768w" sizes="auto, (max-width: 900px) 100vw, 900px" /></a></figure>
</div></div>



<div class="wp-block-column is-layout-flow wp-block-column-is-layout-flow"><div class="wp-block-image">
<figure class="aligncenter size-full is-resized"><a href="https://afb26.org/?page_id=3772"><img loading="lazy" decoding="async" width="900" height="900" src="https://afb26.org/wp-content/uploads/2025/04/salles.png" alt="" class="wp-image-6093" style="width:400px" srcset="https://afb26.org/wp-content/uploads/2025/04/salles.png 900w, https://afb26.org/wp-content/uploads/2025/04/salles-300x300.png 300w, https://afb26.org/wp-content/uploads/2025/04/salles-150x150.png 150w, https://afb26.org/wp-content/uploads/2025/04/salles-768x768.png 768w" sizes="auto, (max-width: 900px) 100vw, 900px" /></a></figure>
</div></div>
</div>



<p>Le soutien à la vie associative est un besoin identifié sur le territoire depuis longtemps, confirmé par le dernier diagnostic, auquel nous tentons de répondre au mieux, avec les moyens dont nous disposons.</p>



<p>Malgré le manque d’espace dans nos locaux, nous essayons d’en optimiser l’utilisation, en mettant à dispositions des autres associations, les salles quand elles ne sont pas utilisées par les activités du centre social. Nous avons également la gestion d’un mini bus (9 place) appartenant à la communauté de commune pour soutenir la mobilité des association locales, en contrepartie d’une participation financière peu élevée.</p>



<p>L’AFB est actuellement en cours de réflexion pour développer une mise à disposition de matériel divers&#8230;</p>



<h3 class="wp-block-heading has-suki-color-2-color has-text-color has-link-color has-large-font-size wp-elements-206a3ea0437c22481e15cef04cdbf55d">Pour en savoir plus vous pouvez nous contacter </h3>



<p><strong>04 75 28 17 28 / accueil@afb26.org</strong></p>

<p>Soutien à la Vie Associative Le soutien à la vie associative est un besoin identifié sur le territoire depuis longtemps, confirmé par le dernier diagnostic, auquel nous tentons de répondre au mieux, avec les moyens dont nous disposons. Malgré le manque d’espace dans nos locaux, nous essayons d’en optimiser l’utilisation, en mettant à dispositions des &hellip;</p>
