{"id":3772,"date":"2023-07-06T12:06:56","date_gmt":"2023-07-06T10:06:56","guid":{"rendered":"https:\/\/afb26.org\/?page_id=3772"},"modified":"2025-04-15T16:34:05","modified_gmt":"2025-04-15T14:34:05","slug":"mises-a-dispo-de-salles","status":"publish","type":"page","link":"https:\/\/afb26.org\/?page_id=3772","title":{"rendered":"Mises \u00e0 dispo de Salles"},"content":{"rendered":"\n<h2 class=\"wp-block-heading has-large-font-size\">Mise \u00e0 disposition de salles aux associations locales<\/h2>\n\n\n\n<div class=\"wp-block-columns is-layout-flex wp-container-core-columns-is-layout-9d6595d7 wp-block-columns-is-layout-flex\">\n<div class=\"wp-block-column is-layout-flow wp-block-column-is-layout-flow\" style=\"flex-basis:33.33%\"><div class=\"wp-block-image\">\n<figure class=\"aligncenter size-full is-resized\"><img loading=\"lazy\" decoding=\"async\" width=\"511\" height=\"511\" src=\"https:\/\/afb26.org\/wp-content\/uploads\/2023\/07\/Salles.png\" alt=\"\" class=\"wp-image-3797\" style=\"width:350px;height:350px\" srcset=\"https:\/\/afb26.org\/wp-content\/uploads\/2023\/07\/Salles.png 511w, https:\/\/afb26.org\/wp-content\/uploads\/2023\/07\/Salles-300x300.png 300w, https:\/\/afb26.org\/wp-content\/uploads\/2023\/07\/Salles-150x150.png 150w\" sizes=\"auto, (max-width: 511px) 100vw, 511px\" \/><\/figure>\n<\/div><\/div>\n\n\n\n<div class=\"wp-block-column is-layout-flow wp-block-column-is-layout-flow\" style=\"flex-basis:66.66%\">\n<p><\/p>\n\n\n\n<p class=\"has-medium-font-size\"><strong>L&#8217;AFB<\/strong> &#8211; Centre Social <strong>met \u00e0 disposition ses salles<\/strong>, gratuitement, pour les <strong>associations locales<\/strong>. <\/p>\n\n\n\n<p class=\"has-medium-font-size\">Nos b\u00e2timents ne sont pas grands mais n<strong>ous essayons de rendre les salles disponibles au maximum<\/strong>, conscient que les associations, ne disposent pas toujours de locaux. <\/p>\n\n\n\n<p class=\"has-medium-font-size\">Les <strong>disponibilit\u00e9s <\/strong> sont en soir\u00e9e ou les week-end.<\/p>\n\n\n\n<p class=\"has-medium-font-size\">Ces mise \u00e0 disposition se font pas le biais d&#8217;une convention entre l&#8217;AFB et la structure utilisatrice, sans contrepartie financi\u00e8re.<\/p>\n<\/div>\n<\/div>\n\n\n\n<h3 class=\"wp-block-heading has-suki-color-2-color has-text-color has-link-color has-large-font-size wp-elements-788022419779fd0de0c4df5dc826a484\"><strong><em>Contactez nous pour conna\u00eetre les disponibilit\u00e9s et faire une r\u00e9servation<\/em><\/strong> :<\/h3>\n\n\n\n<p class=\"has-medium-font-size\"><strong>04 75 28 17 28 \/ accueil@afb26.org<\/strong><\/p>\n\n\n\n<h2 class=\"wp-block-heading has-text-align-center has-suki-color-5-color has-text-color has-large-font-size\">Retour sur 2024<\/h2>\n\n\n<div class=\"wp-block-image\">\n<figure class=\"aligncenter size-full is-resized\"><img loading=\"lazy\" decoding=\"async\" width=\"1414\" height=\"2000\" src=\"https:\/\/afb26.org\/wp-content\/uploads\/2025\/04\/MAD-Salles.png\" alt=\"\" class=\"wp-image-6105\" style=\"width:900px\" srcset=\"https:\/\/afb26.org\/wp-content\/uploads\/2025\/04\/MAD-Salles.png 1414w, https:\/\/afb26.org\/wp-content\/uploads\/2025\/04\/MAD-Salles-212x300.png 212w, https:\/\/afb26.org\/wp-content\/uploads\/2025\/04\/MAD-Salles-724x1024.png 724w, https:\/\/afb26.org\/wp-content\/uploads\/2025\/04\/MAD-Salles-768x1086.png 768w, https:\/\/afb26.org\/wp-content\/uploads\/2025\/04\/MAD-Salles-1086x1536.png 1086w\" sizes=\"auto, (max-width: 1414px) 100vw, 1414px\" \/><\/figure>\n<\/div>","protected":false},"excerpt":{"rendered":"<p>Mise \u00e0 disposition de salles aux associations locales L&#8217;AFB &#8211; Centre Social met \u00e0 disposition ses salles, gratuitement, pour les associations locales. Nos b\u00e2timents ne sont pas grands mais nous essayons de rendre les salles disponibles au maximum, conscient que les associations, ne disposent pas toujours de locaux. Les disponibilit\u00e9s sont en soir\u00e9e ou les &hellip;<\/p>\n","protected":false},"author":8,"featured_media":0,"parent":3770,"menu_order":0,"comment_status":"closed","ping_status":"closed","template":"","meta":{"footnotes":""},"class_list":["post-3772","page","type-page","status-publish","hentry"],"_links":{"self":[{"href":"https:\/\/afb26.org\/index.php?rest_route=\/wp\/v2\/pages\/3772","targetHints":{"allow":["GET"]}}],"collection":[{"href":"https:\/\/afb26.org\/index.php?rest_route=\/wp\/v2\/pages"}],"about":[{"href":"https:\/\/afb26.org\/index.php?rest_route=\/wp\/v2\/types\/page"}],"author":[{"embeddable":true,"href":"https:\/\/afb26.org\/index.php?rest_route=\/wp\/v2\/users\/8"}],"replies":[{"embeddable":true,"href":"https:\/\/afb26.org\/index.php?rest_route=%2Fwp%2Fv2%2Fcomments&post=3772"}],"version-history":[{"count":8,"href":"https:\/\/afb26.org\/index.php?rest_route=\/wp\/v2\/pages\/3772\/revisions"}],"predecessor-version":[{"id":6108,"href":"https:\/\/afb26.org\/index.php?rest_route=\/wp\/v2\/pages\/3772\/revisions\/6108"}],"up":[{"embeddable":true,"href":"https:\/\/afb26.org\/index.php?rest_route=\/wp\/v2\/pages\/3770"}],"wp:attachment":[{"href":"https:\/\/afb26.org\/index.php?rest_route=%2Fwp%2Fv2%2Fmedia&parent=3772"}],"curies":[{"name":"wp","href":"https:\/\/api.w.org\/{rel}","templated":true}]}}

Mises à dispo de Salles

<h2 class="wp-block-heading has-large-font-size">Mise à disposition de salles aux associations locales</h2>



<div class="wp-block-columns is-layout-flex wp-container-core-columns-is-layout-9d6595d7 wp-block-columns-is-layout-flex">
<div class="wp-block-column is-layout-flow wp-block-column-is-layout-flow" style="flex-basis:33.33%"><div class="wp-block-image">
<figure class="aligncenter size-full is-resized"><img loading="lazy" decoding="async" width="511" height="511" src="https://afb26.org/wp-content/uploads/2023/07/Salles.png" alt="" class="wp-image-3797" style="width:350px;height:350px" srcset="https://afb26.org/wp-content/uploads/2023/07/Salles.png 511w, https://afb26.org/wp-content/uploads/2023/07/Salles-300x300.png 300w, https://afb26.org/wp-content/uploads/2023/07/Salles-150x150.png 150w" sizes="auto, (max-width: 511px) 100vw, 511px" /></figure>
</div></div>



<div class="wp-block-column is-layout-flow wp-block-column-is-layout-flow" style="flex-basis:66.66%">
<p></p>



<p class="has-medium-font-size"><strong>L&#8217;AFB</strong> &#8211; Centre Social <strong>met à disposition ses salles</strong>, gratuitement, pour les <strong>associations locales</strong>. </p>



<p class="has-medium-font-size">Nos bâtiments ne sont pas grands mais n<strong>ous essayons de rendre les salles disponibles au maximum</strong>, conscient que les associations, ne disposent pas toujours de locaux. </p>



<p class="has-medium-font-size">Les <strong>disponibilités </strong> sont en soirée ou les week-end.</p>



<p class="has-medium-font-size">Ces mise à disposition se font pas le biais d&#8217;une convention entre l&#8217;AFB et la structure utilisatrice, sans contrepartie financière.</p>
</div>
</div>



<h3 class="wp-block-heading has-suki-color-2-color has-text-color has-link-color has-large-font-size wp-elements-788022419779fd0de0c4df5dc826a484"><strong><em>Contactez nous pour connaître les disponibilités et faire une réservation</em></strong> :</h3>



<p class="has-medium-font-size"><strong>04 75 28 17 28 / accueil@afb26.org</strong></p>



<h2 class="wp-block-heading has-text-align-center has-suki-color-5-color has-text-color has-large-font-size">Retour sur 2024</h2>


<div class="wp-block-image">
<figure class="aligncenter size-full is-resized"><img loading="lazy" decoding="async" width="1414" height="2000" src="https://afb26.org/wp-content/uploads/2025/04/MAD-Salles.png" alt="" class="wp-image-6105" style="width:900px" srcset="https://afb26.org/wp-content/uploads/2025/04/MAD-Salles.png 1414w, https://afb26.org/wp-content/uploads/2025/04/MAD-Salles-212x300.png 212w, https://afb26.org/wp-content/uploads/2025/04/MAD-Salles-724x1024.png 724w, https://afb26.org/wp-content/uploads/2025/04/MAD-Salles-768x1086.png 768w, https://afb26.org/wp-content/uploads/2025/04/MAD-Salles-1086x1536.png 1086w" sizes="auto, (max-width: 1414px) 100vw, 1414px" /></figure>
</div>

<p>Mise à disposition de salles aux associations locales L&#8217;AFB &#8211; Centre Social met à disposition ses salles, gratuitement, pour les associations locales. Nos bâtiments ne sont pas grands mais nous essayons de rendre les salles disponibles au maximum, conscient que les associations, ne disposent pas toujours de locaux. Les disponibilités sont en soirée ou les &hellip;</p>
