{"id":445,"date":"2021-10-06T10:52:43","date_gmt":"2021-10-06T08:52:43","guid":{"rendered":"http:\/\/afb26.org\/?page_id=445"},"modified":"2022-03-22T16:52:32","modified_gmt":"2022-03-22T15:52:32","slug":"une-journee-aux-souris-vertes","status":"publish","type":"page","link":"https:\/\/afb26.org\/?page_id=445","title":{"rendered":"Une journ\u00e9e aux Souris Vertes"},"content":{"rendered":"\n<p><strong>De 7h45 \u00e0 8h45<\/strong> : temps d&#8217;accueil o\u00f9 tous les groupes sont ensemble. Cela permet de se rencontrer et de favoriser les interactions d&#8217;enfants d&#8217;\u00e2ges diff\u00e9rents. Des jeux d&#8217;accueil sp\u00e9cifiques sont propos\u00e9s (d\u00eenette, toboggan, lego, livres, petites voitures, jeux sur les tapis&#8230;) adapt\u00e9s autant que possible aux \u00e2ges tr\u00e8s diff\u00e9rents.<\/p>\n\n\n\n<p><strong>De 8h45 \u00e0 9h30<\/strong> : les 2 groupes se s\u00e9parent pour le d\u00e9but des activit\u00e9s diverses selon les groupes (manipulations vari\u00e9es, parcours moteur, activit\u00e9s manuelles ou de langage&#8230;) et d\u00e9but des siestes selon le rythme individuel des plus petits.<\/p>\n\n\n\n<p><strong>De 9h30 \u00e0 10h15<\/strong> : on se regroupe du c\u00f4t\u00e9 des grands pour accueillir les derniers arriv\u00e9s et partager un moment ensemble, stimuler le langage et l&#8217;imagination \u00e0 travers des chansons et des histoires ; du c\u00f4t\u00e9 des plus petits, les siestes se terminent ou commencent selon le rythme individuel des enfants.<\/p>\n\n\n\n<p><strong>A 10h30<\/strong> : apr\u00e8s un passage aux toilettes ou un change, jeux \u00e0 l&#8217;ext\u00e9rieur si le temps le permet, ou jeux libres.<\/p>\n\n\n\n<p><strong>A 11h<\/strong> : 1er service des repas pour les b\u00e9b\u00e9s qui mangent dans leur espace avec les animatrices r\u00e9f\u00e9rentes ; soit dans les bras, soit dans un transat, soit dans une petite chaise individuelle, soit \u00e0 une petite table accueillant 2, 3 ou 4 enfants maxi. Le rythme est individuel et s&#8217;\u00e9chelonne selon les siestes, les r\u00e9veils et au rythme de chacun.<\/p>\n\n\n\n<p><strong>A<\/strong> <strong>11h45<\/strong> : repas pour les grands et pr\u00e9paration pour aller \u00e0 la sieste pour les autres. Les enfants mangent en groupes de 4 ou 5 \u00e0 une table avec une animatrice qui les aide ou les encourage \u00e0 manger seuls selon les capacit\u00e9s des enfants.<\/p>\n\n\n\n<p><strong>A 12h30<\/strong> : d\u00e9but des siestes de l&#8217;apr\u00e8s-midi pour ceux qui ont besoin de dormir t\u00f4t. Les enfants les rejoignent jusqu&#8217;\u00e0 <strong>13h<\/strong>. Les enfants qui ont dormi le matin sont recouch\u00e9s selon leur besoin. Pour tous, les r\u00e9veils sont \u00e9chelonn\u00e9s selon le rythme de chaque enfant. Pendant ce temps, les jeux sont calmes.<\/p>\n\n\n\n<p><strong>A 15h<\/strong> d\u00e9but des go\u00fbters chez les b\u00e9b\u00e9s selon leurs besoins. <strong>A 16h<\/strong> go\u00fbters des grands, tous ensemble \u00e0 table.<\/p>\n\n\n\n<p><strong>Apr\u00e8s<\/strong>, activit\u00e9s de l&#8217;apr\u00e8s-midi : jeux en ext\u00e9rieur, exploration libre, \u00e9couter des histoires, de la musique&#8230; jusqu&#8217;au d\u00e9part des enfants \u00e9chelonn\u00e9s jusqu&#8217;\u00e0 <strong>18h<\/strong>.<\/p>\n","protected":false},"excerpt":{"rendered":"<p>De 7h45 \u00e0 8h45 : temps d&#8217;accueil o\u00f9 tous les groupes sont ensemble. Cela permet de se rencontrer et de favoriser les interactions d&#8217;enfants d&#8217;\u00e2ges diff\u00e9rents. Des jeux d&#8217;accueil sp\u00e9cifiques sont propos\u00e9s (d\u00eenette, toboggan, lego, livres, petites voitures, jeux sur les tapis&#8230;) adapt\u00e9s autant que possible aux \u00e2ges tr\u00e8s diff\u00e9rents. De 8h45 \u00e0 9h30 : &hellip;<\/p>\n","protected":false},"author":5,"featured_media":0,"parent":112,"menu_order":3,"comment_status":"closed","ping_status":"closed","template":"","meta":{"footnotes":""},"class_list":["post-445","page","type-page","status-publish","hentry"],"_links":{"self":[{"href":"https:\/\/afb26.org\/index.php?rest_route=\/wp\/v2\/pages\/445","targetHints":{"allow":["GET"]}}],"collection":[{"href":"https:\/\/afb26.org\/index.php?rest_route=\/wp\/v2\/pages"}],"about":[{"href":"https:\/\/afb26.org\/index.php?rest_route=\/wp\/v2\/types\/page"}],"author":[{"embeddable":true,"href":"https:\/\/afb26.org\/index.php?rest_route=\/wp\/v2\/users\/5"}],"replies":[{"embeddable":true,"href":"https:\/\/afb26.org\/index.php?rest_route=%2Fwp%2Fv2%2Fcomments&post=445"}],"version-history":[{"count":3,"href":"https:\/\/afb26.org\/index.php?rest_route=\/wp\/v2\/pages\/445\/revisions"}],"predecessor-version":[{"id":2850,"href":"https:\/\/afb26.org\/index.php?rest_route=\/wp\/v2\/pages\/445\/revisions\/2850"}],"up":[{"embeddable":true,"href":"https:\/\/afb26.org\/index.php?rest_route=\/wp\/v2\/pages\/112"}],"wp:attachment":[{"href":"https:\/\/afb26.org\/index.php?rest_route=%2Fwp%2Fv2%2Fmedia&parent=445"}],"curies":[{"name":"wp","href":"https:\/\/api.w.org\/{rel}","templated":true}]}}

Une journée aux Souris Vertes

<p><strong>De 7h45 à 8h45</strong> : temps d&#8217;accueil où tous les groupes sont ensemble. Cela permet de se rencontrer et de favoriser les interactions d&#8217;enfants d&#8217;âges différents. Des jeux d&#8217;accueil spécifiques sont proposés (dînette, toboggan, lego, livres, petites voitures, jeux sur les tapis&#8230;) adaptés autant que possible aux âges très différents.</p>



<p><strong>De 8h45 à 9h30</strong> : les 2 groupes se séparent pour le début des activités diverses selon les groupes (manipulations variées, parcours moteur, activités manuelles ou de langage&#8230;) et début des siestes selon le rythme individuel des plus petits.</p>



<p><strong>De 9h30 à 10h15</strong> : on se regroupe du côté des grands pour accueillir les derniers arrivés et partager un moment ensemble, stimuler le langage et l&#8217;imagination à travers des chansons et des histoires ; du côté des plus petits, les siestes se terminent ou commencent selon le rythme individuel des enfants.</p>



<p><strong>A 10h30</strong> : après un passage aux toilettes ou un change, jeux à l&#8217;extérieur si le temps le permet, ou jeux libres.</p>



<p><strong>A 11h</strong> : 1er service des repas pour les bébés qui mangent dans leur espace avec les animatrices référentes ; soit dans les bras, soit dans un transat, soit dans une petite chaise individuelle, soit à une petite table accueillant 2, 3 ou 4 enfants maxi. Le rythme est individuel et s&#8217;échelonne selon les siestes, les réveils et au rythme de chacun.</p>



<p><strong>A</strong> <strong>11h45</strong> : repas pour les grands et préparation pour aller à la sieste pour les autres. Les enfants mangent en groupes de 4 ou 5 à une table avec une animatrice qui les aide ou les encourage à manger seuls selon les capacités des enfants.</p>



<p><strong>A 12h30</strong> : début des siestes de l&#8217;après-midi pour ceux qui ont besoin de dormir tôt. Les enfants les rejoignent jusqu&#8217;à <strong>13h</strong>. Les enfants qui ont dormi le matin sont recouchés selon leur besoin. Pour tous, les réveils sont échelonnés selon le rythme de chaque enfant. Pendant ce temps, les jeux sont calmes.</p>



<p><strong>A 15h</strong> début des goûters chez les bébés selon leurs besoins. <strong>A 16h</strong> goûters des grands, tous ensemble à table.</p>



<p><strong>Après</strong>, activités de l&#8217;après-midi : jeux en extérieur, exploration libre, écouter des histoires, de la musique&#8230; jusqu&#8217;au départ des enfants échelonnés jusqu&#8217;à <strong>18h</strong>.</p>

<p>De 7h45 à 8h45 : temps d&#8217;accueil où tous les groupes sont ensemble. Cela permet de se rencontrer et de favoriser les interactions d&#8217;enfants d&#8217;âges différents. Des jeux d&#8217;accueil spécifiques sont proposés (dînette, toboggan, lego, livres, petites voitures, jeux sur les tapis&#8230;) adaptés autant que possible aux âges très différents. De 8h45 à 9h30 : &hellip;</p>
