{"id":64,"date":"2021-06-28T09:24:26","date_gmt":"2021-06-28T07:24:26","guid":{"rendered":"http:\/\/afb26.org\/?page_id=64"},"modified":"2025-04-15T13:45:04","modified_gmt":"2025-04-15T11:45:04","slug":"notre-projet-social","status":"publish","type":"page","link":"https:\/\/afb26.org\/?page_id=64","title":{"rendered":"Notre projet social"},"content":{"rendered":"\n<h2 class=\"wp-block-heading has-large-font-size\">Notre Projet Social<\/h2>\n\n\n\n<p class=\"has-suki-color-5-color has-text-color has-medium-font-size\"><strong>2025 : Travail collectif sur le renouvellement du Projet Social<\/strong><\/p>\n\n\n\n<p>Notre Projet Social prend fin en 2025, et un nouveau verra le jour en 2026 pour une dur\u00e9e de 4 ans. Pour cela, nous allons travailler collectivement, en interne, mais aussi avec les partenaires et les habitants du territoire pour \u00e9laborer ce qui sera notre feuille de route pour les 4 ann\u00e9es \u00e0 venir. <\/p>\n\n\n\n<p>Cette phase de renouvellement passera par plusieurs \u00e9tapes : <\/p>\n\n\n\n<ul class=\"wp-block-list\">\n<li>L&#8217;\u00e9valuation, le Bilan du Projet Social 2022\/2025<\/li>\n\n\n\n<li>un diagnostic des besoins sur le territoire<\/li>\n\n\n\n<li>La d\u00e9finition des axes strat\u00e9giques du projet Social<\/li>\n\n\n\n<li>La r\u00e9daction du Projet Social 2026\/2030<\/li>\n<\/ul>\n\n\n\n<p>Et chaque ann\u00e9e, les actions mises en place par ce nouveau projet social seront suivies, \u00e9valuer, afin de les faire \u00e9voluer toujours au plus proche des besoins du territoire.<\/p>\n\n\n\n<figure class=\"wp-block-image size-large is-resized\"><img loading=\"lazy\" decoding=\"async\" src=\"https:\/\/afb26.org\/wp-content\/uploads\/2025\/01\/rb_19924-1024x682.png\" alt=\"\" class=\"wp-image-5594\" width=\"720\" height=\"479\" srcset=\"https:\/\/afb26.org\/wp-content\/uploads\/2025\/01\/rb_19924-1024x682.png 1024w, https:\/\/afb26.org\/wp-content\/uploads\/2025\/01\/rb_19924-300x200.png 300w, https:\/\/afb26.org\/wp-content\/uploads\/2025\/01\/rb_19924-768x512.png 768w, https:\/\/afb26.org\/wp-content\/uploads\/2025\/01\/rb_19924-1536x1024.png 1536w, https:\/\/afb26.org\/wp-content\/uploads\/2025\/01\/rb_19924.png 2000w\" sizes=\"auto, (max-width: 720px) 100vw, 720px\" \/><figcaption class=\"wp-element-caption\"><a href=\"https:\/\/fr.freepik.com\/vecteurs-libre\/petits-employes-bureau-travaillant-dans-mains-attentionnees-abstraites_18734220.htm#fromView=search&amp;page=1&amp;position=11&amp;uuid=c8d3315f-011c-43fb-8354-e91591bc12a4&amp;new_detail=true&amp;query=ensemble\">Image de pch.vector sur Freepik<\/a><\/figcaption><\/figure>\n\n\n\n<p><\/p>\n\n\n\n<p class=\"has-medium-font-size\">D\u00e9couvrez notre projet social pour 2022 &#8211; 2025 <a href=\"https:\/\/afb26.org\/?page_id=2488\" data-type=\"page\" data-id=\"2488\">ici<\/a><\/p>\n","protected":false},"excerpt":{"rendered":"<p>Notre Projet Social 2025 : Travail collectif sur le renouvellement du Projet Social Notre Projet Social prend fin en 2025, et un nouveau verra le jour en 2026 pour une dur\u00e9e de 4 ans. Pour cela, nous allons travailler collectivement, en interne, mais aussi avec les partenaires et les habitants du territoire pour \u00e9laborer ce &hellip;<\/p>\n","protected":false},"author":5,"featured_media":0,"parent":5,"menu_order":0,"comment_status":"closed","ping_status":"closed","template":"","meta":{"footnotes":""},"class_list":["post-64","page","type-page","status-publish","hentry"],"_links":{"self":[{"href":"https:\/\/afb26.org\/index.php?rest_route=\/wp\/v2\/pages\/64","targetHints":{"allow":["GET"]}}],"collection":[{"href":"https:\/\/afb26.org\/index.php?rest_route=\/wp\/v2\/pages"}],"about":[{"href":"https:\/\/afb26.org\/index.php?rest_route=\/wp\/v2\/types\/page"}],"author":[{"embeddable":true,"href":"https:\/\/afb26.org\/index.php?rest_route=\/wp\/v2\/users\/5"}],"replies":[{"embeddable":true,"href":"https:\/\/afb26.org\/index.php?rest_route=%2Fwp%2Fv2%2Fcomments&post=64"}],"version-history":[{"count":23,"href":"https:\/\/afb26.org\/index.php?rest_route=\/wp\/v2\/pages\/64\/revisions"}],"predecessor-version":[{"id":5597,"href":"https:\/\/afb26.org\/index.php?rest_route=\/wp\/v2\/pages\/64\/revisions\/5597"}],"up":[{"embeddable":true,"href":"https:\/\/afb26.org\/index.php?rest_route=\/wp\/v2\/pages\/5"}],"wp:attachment":[{"href":"https:\/\/afb26.org\/index.php?rest_route=%2Fwp%2Fv2%2Fmedia&parent=64"}],"curies":[{"name":"wp","href":"https:\/\/api.w.org\/{rel}","templated":true}]}}

<h2 class="wp-block-heading has-large-font-size">Notre Projet Social</h2>



<p class="has-suki-color-5-color has-text-color has-medium-font-size"><strong>2025 : Travail collectif sur le renouvellement du Projet Social</strong></p>



<p>Notre Projet Social prend fin en 2025, et un nouveau verra le jour en 2026 pour une durée de 4 ans. Pour cela, nous allons travailler collectivement, en interne, mais aussi avec les partenaires et les habitants du territoire pour élaborer ce qui sera notre feuille de route pour les 4 années à venir. </p>



<p>Cette phase de renouvellement passera par plusieurs étapes : </p>



<ul class="wp-block-list">
<li>L&#8217;évaluation, le Bilan du Projet Social 2022/2025</li>



<li>un diagnostic des besoins sur le territoire</li>



<li>La définition des axes stratégiques du projet Social</li>



<li>La rédaction du Projet Social 2026/2030</li>
</ul>



<p>Et chaque année, les actions mises en place par ce nouveau projet social seront suivies, évaluer, afin de les faire évoluer toujours au plus proche des besoins du territoire.</p>



<figure class="wp-block-image size-large is-resized"><img loading="lazy" decoding="async" src="https://afb26.org/wp-content/uploads/2025/01/rb_19924-1024x682.png" alt="" class="wp-image-5594" width="720" height="479" srcset="https://afb26.org/wp-content/uploads/2025/01/rb_19924-1024x682.png 1024w, https://afb26.org/wp-content/uploads/2025/01/rb_19924-300x200.png 300w, https://afb26.org/wp-content/uploads/2025/01/rb_19924-768x512.png 768w, https://afb26.org/wp-content/uploads/2025/01/rb_19924-1536x1024.png 1536w, https://afb26.org/wp-content/uploads/2025/01/rb_19924.png 2000w" sizes="auto, (max-width: 720px) 100vw, 720px" /><figcaption class="wp-element-caption"><a href="https://fr.freepik.com/vecteurs-libre/petits-employes-bureau-travaillant-dans-mains-attentionnees-abstraites_18734220.htm#fromView=search&amp;page=1&amp;position=11&amp;uuid=c8d3315f-011c-43fb-8354-e91591bc12a4&amp;new_detail=true&amp;query=ensemble">Image de pch.vector sur Freepik</a></figcaption></figure>



<p></p>



<p class="has-medium-font-size">Découvrez notre projet social pour 2022 &#8211; 2025 <a href="https://afb26.org/?page_id=2488" data-type="page" data-id="2488">ici</a></p>

<p>Notre Projet Social 2025 : Travail collectif sur le renouvellement du Projet Social Notre Projet Social prend fin en 2025, et un nouveau verra le jour en 2026 pour une durée de 4 ans. Pour cela, nous allons travailler collectivement, en interne, mais aussi avec les partenaires et les habitants du territoire pour élaborer ce &hellip;</p>
