{"id":750,"date":"2022-01-11T15:50:08","date_gmt":"2022-01-11T14:50:08","guid":{"rendered":"http:\/\/afb26.org\/?page_id=750"},"modified":"2026-01-23T12:51:22","modified_gmt":"2026-01-23T11:51:22","slug":"pour-sinscrire-comment-ca-marche","status":"publish","type":"page","link":"https:\/\/afb26.org\/?page_id=750","title":{"rendered":"Pour s&#8217;inscrire, comment \u00e7a marche ?"},"content":{"rendered":"\n<p class=\"has-text-align-center\">Pour une premi\u00e8re inscription, un rendez-vous est n\u00e9cessaire, il permet d&#8217;\u00e9tablir le dossier de l&#8217;enfant et de prendre connaissance du fonctionnement et du<\/p>\n\n\n\n<p class=\"has-text-align-center has-text-color\" style=\"color:#3081cc\"><a href=\"https:\/\/afb26.org\/?page_id=752\" data-type=\"page\" data-id=\"752\">R\u00e8glement de l&#8217;accueil de loisir<\/a>s<\/p>\n\n\n\n<p class=\"has-text-align-center\">Il vous suffit ensuite de faire les r\u00e9servations des temps d&#8217;accueil que vous souhaitez.<\/p>\n\n\n\n<p class=\"has-text-align-center\">Les r\u00e9servations \u00e0 l&#8217;accueil de loisir sont &#8220;\u00e0 la carte&#8221; ; <br>demi-journ\u00e9e ou journ\u00e9e compl\u00e8te, avec ou sans repas<\/p>\n\n\n\n<p class=\"has-text-align-center\"><strong>Elles se font au plus tard la veille avant 12h<\/strong>, afin que nous puissions organiser au mieux l&#8217;accueil de votre enfant.<br>Toutes les r\u00e9servations se font par mail, c&#8217;est uniquement Adrien, en tant que directeur, qui les re\u00e7oit.<\/p>\n\n\n\n<p class=\"has-text-align-left\">Attention, <strong>pour toute annulation il convient de nous pr\u00e9venir 48 heures avant par mail.<\/strong> Dans le cas contraire nous vous facturerons le temps d&#8217;accueil et le repas.<\/p>\n\n\n\n<h3 class=\"wp-block-heading\">De quoi est constitu\u00e9 le dossier ?<\/h3>\n\n\n\n<ul class=\"wp-block-list\">\n<li>l&#8217;adh\u00e9sion \u00e0 l&#8217;association (20\u20ac), renouvel\u00e9e chaque ann\u00e9e, valable pour toute la famille et tous les services de l&#8217;AFB<\/li>\n\n\n\n<li>la fiche sanitaire de liaison compl\u00e9t\u00e9e<\/li>\n\n\n\n<li>une copie de notification CAF ou MSA et les bons de vacance CAF ou MSA, ainsi que votre num\u00e9ro d&#8217;allocataire<\/li>\n\n\n\n<li>une copie du carnet de sant\u00e9, \u00e0 la page des vaccinations<\/li>\n\n\n\n<li>une copie du livret de famille (pages enfants et adultes)<\/li>\n<\/ul>\n\n\n\n<div data-wp-interactive=\"core\/file\" class=\"wp-block-file\"><object data-wp-bind--hidden=\"!state.hasPdfPreview\" hidden class=\"wp-block-file__embed\" data=\"https:\/\/afb26.org\/wp-content\/uploads\/2026\/01\/Fiche-Sanitaire-de-liaison-2026.pdf\" type=\"application\/pdf\" style=\"width:100%;height:600px\" aria-label=\"Contenu embarqu\u00e9 Sanitaire de liaison 2026.\"><\/object><a id=\"wp-block-file--media-5e2988e5-eba2-4826-b6dc-bccc540f4ef3\" href=\"https:\/\/afb26.org\/wp-content\/uploads\/2026\/01\/Fiche-Sanitaire-de-liaison-2026.pdf\">Sanitaire de liaison 2026<\/a><a href=\"https:\/\/afb26.org\/wp-content\/uploads\/2026\/01\/Fiche-Sanitaire-de-liaison-2026.pdf\" class=\"wp-block-file__button wp-element-button\" download aria-describedby=\"wp-block-file--media-5e2988e5-eba2-4826-b6dc-bccc540f4ef3\">T\u00e9l\u00e9charger<\/a><\/div>\n\n\n\n<p class=\"has-suki-color-5-color has-text-color\"><em><strong>Prenez rendez-vous au 04 75 27 68 24<\/strong><\/em><\/p>\n","protected":false},"excerpt":{"rendered":"<p>Pour une premi\u00e8re inscription, un rendez-vous est n\u00e9cessaire, il permet d&#8217;\u00e9tablir le dossier de l&#8217;enfant et de prendre connaissance du fonctionnement et du R\u00e8glement de l&#8217;accueil de loisirs Il vous suffit ensuite de faire les r\u00e9servations des temps d&#8217;accueil que vous souhaitez. Les r\u00e9servations \u00e0 l&#8217;accueil de loisir sont &#8220;\u00e0 la carte&#8221; ; demi-journ\u00e9e ou &hellip;<\/p>\n","protected":false},"author":5,"featured_media":0,"parent":237,"menu_order":2,"comment_status":"closed","ping_status":"closed","template":"","meta":{"footnotes":""},"class_list":["post-750","page","type-page","status-publish","hentry"],"_links":{"self":[{"href":"https:\/\/afb26.org\/index.php?rest_route=\/wp\/v2\/pages\/750","targetHints":{"allow":["GET"]}}],"collection":[{"href":"https:\/\/afb26.org\/index.php?rest_route=\/wp\/v2\/pages"}],"about":[{"href":"https:\/\/afb26.org\/index.php?rest_route=\/wp\/v2\/types\/page"}],"author":[{"embeddable":true,"href":"https:\/\/afb26.org\/index.php?rest_route=\/wp\/v2\/users\/5"}],"replies":[{"embeddable":true,"href":"https:\/\/afb26.org\/index.php?rest_route=%2Fwp%2Fv2%2Fcomments&post=750"}],"version-history":[{"count":12,"href":"https:\/\/afb26.org\/index.php?rest_route=\/wp\/v2\/pages\/750\/revisions"}],"predecessor-version":[{"id":7254,"href":"https:\/\/afb26.org\/index.php?rest_route=\/wp\/v2\/pages\/750\/revisions\/7254"}],"up":[{"embeddable":true,"href":"https:\/\/afb26.org\/index.php?rest_route=\/wp\/v2\/pages\/237"}],"wp:attachment":[{"href":"https:\/\/afb26.org\/index.php?rest_route=%2Fwp%2Fv2%2Fmedia&parent=750"}],"curies":[{"name":"wp","href":"https:\/\/api.w.org\/{rel}","templated":true}]}}