{"id":91,"date":"2021-06-28T11:12:32","date_gmt":"2021-06-28T09:12:32","guid":{"rendered":"http:\/\/afb26.org\/?page_id=91"},"modified":"2025-12-04T14:40:16","modified_gmt":"2025-12-04T13:40:16","slug":"contacts","status":"publish","type":"page","link":"https:\/\/afb26.org\/?page_id=91","title":{"rendered":"Contacts"},"content":{"rendered":"\n<div class=\"wp-block-columns is-layout-flex wp-container-core-columns-is-layout-9d6595d7 wp-block-columns-is-layout-flex\">\n<div class=\"wp-block-column is-vertically-aligned-bottom is-layout-flow wp-block-column-is-layout-flow\">\n<p class=\"has-medium-font-size\"><strong><em>Accueil et communication<\/em><\/strong> <br> <strong>Aurore Boudet<\/strong> <strong>04 75 28 17 28<\/strong><\/p>\n<\/div>\n\n\n\n<div class=\"wp-block-column is-vertically-aligned-bottom is-layout-flow wp-block-column-is-layout-flow\">\n<p class=\"has-suki-color-7-color has-text-color has-medium-font-size\"><strong><a href=\"mailto:secretariat@afb26.org\">accueil@afb26.org<\/a><\/strong><\/p>\n<\/div>\n<\/div>\n\n\n\n<p class=\"has-suki-color-5-color has-text-color has-link-color has-medium-font-size wp-elements-70e113c8f2b3dea5e5df49690122aaaa\"><em><strong>du lundi au vendredi <\/strong>de 9h \u00e0 12h30<br><strong>les mardis et jeudi<\/strong> de 13h30 \u00e0 16h30 <strong>sur Rendez vous<\/strong><\/em><\/p>\n\n\n\n<ul style=\"list-style-type: circle;\">\n<li class=\"has-suki-color-2-color has-text-color\"><a href=\"https:\/\/afb26.org\/?page_id=3767\"><span style=\"color: #993366;\">Mise \u00e0 disposition de 2 roues<\/span><\/a><\/li>\n<li><a href=\"https:\/\/afb26.org\/?page_id=3769\"><span style=\"color: #993366;\">Mise \u00e0 disposition de v\u00e9lo \u00e9lectrique<\/span><\/a><\/li>\n<li><span style=\"color: #993366;\">Mobilit\u00e9 : veille, infos<\/span><\/li>\n<li class=\"has-suki-color-2-color has-text-color\"><span style=\"color: #993366;\"><a href=\"https:\/\/afb26.org\/?page_id=3770\">Gestion du planning des salles et mini bus pour les associations<\/a><br><\/span><\/li>\n<li class=\"has-suki-color-2-color has-text-color\"><span style=\"color: #993366;\">Travail sur les supports d\u2019information au public : site internet, Facebook, Instagram<\/span><\/li>\n<\/ul>\n\n\n\n<div class=\"wp-block-columns is-layout-flex wp-container-core-columns-is-layout-9d6595d7 wp-block-columns-is-layout-flex\">\n<div class=\"wp-block-column is-layout-flow wp-block-column-is-layout-flow\">\n<p class=\"has-medium-font-size\"><em><strong>La r\u00e9f\u00e9rente famille<\/strong><\/em><strong><em> et Animation Locale<\/em><\/strong><br><strong> Flavie Boutillot<\/strong> <strong>06 73 65 51 17<\/strong><\/p>\n<\/div>\n\n\n\n<div class=\"wp-block-column is-layout-flow wp-block-column-is-layout-flow\">\n<p class=\"has-suki-color-7-color has-text-color has-medium-font-size\"><br><strong><a href=\"mailto:responsable.alsh@afb26.org\">referente.famille@afb26.org<\/a><\/strong><\/p>\n<\/div>\n<\/div>\n\n\n\n<ul style=\"list-style-type: circle;\">\n<li><span style=\"color: #993366;\">Projet Famille<\/span><\/li>\n<li><span style=\"color: #993366;\">D\u00e9veloppement des actions adultes<\/span><\/li>\n<li class=\"has-suki-color-2-color has-text-color\"><span style=\"color: #993366;\">Ateliers Sociolinguistiques<\/span><\/li>\n<li class=\"has-suki-color-2-color has-text-color\"><span style=\"color: #993366;\">Accompagnement \u00e0 la scolarit\u00e9<\/span><\/li>\n<li class=\"has-suki-color-2-color has-text-color\"><span style=\"color: #993366;\">Animation D\u00e9veloppement Locale<\/span><\/li>\n<\/ul>\n\n\n\n<div class=\"wp-block-columns is-layout-flex wp-container-core-columns-is-layout-9d6595d7 wp-block-columns-is-layout-flex\">\n<div class=\"wp-block-column is-vertically-aligned-bottom is-layout-flow wp-block-column-is-layout-flow\">\n<div class=\"wp-block-columns is-layout-flex wp-container-core-columns-is-layout-9d6595d7 wp-block-columns-is-layout-flex\">\n<div class=\"wp-block-column is-layout-flow wp-block-column-is-layout-flow\" style=\"flex-basis:100%\">\n<p class=\"has-medium-font-size\"><em><strong>Les Souris vertes, Multi-accueil<\/strong><\/em><br><strong>C\u00e9line Jacquemond<\/strong>&nbsp;<strong>04 75 28 17 20<\/strong><\/p>\n<\/div>\n<\/div>\n<\/div>\n\n\n\n<div class=\"wp-block-column is-vertically-aligned-bottom is-layout-flow wp-block-column-is-layout-flow\">\n<p><\/p>\n\n\n\n<p class=\"has-suki-color-7-color has-text-color has-medium-font-size\"><strong><a href=\"mailto:responsable.svtes@afb26.org\">responsable.svtes@afb26.org<\/a><\/strong><\/p>\n<\/div>\n<\/div>\n\n\n\n<ul style=\"list-style-type: circle;\">\n<li><span style=\"color: #993366;\">Responsable Multi-accueil<\/span><\/li>\n<\/ul>\n\n\n\n<div class=\"wp-block-columns is-layout-flex wp-container-core-columns-is-layout-9d6595d7 wp-block-columns-is-layout-flex\">\n<div class=\"wp-block-column is-layout-flow wp-block-column-is-layout-flow\" style=\"flex-basis:50%\">\n<p class=\"has-medium-font-size\"><em><strong>Le Chat Bott\u00e9 3 &#8211; 11 ans, Accueil de Loisirs<\/strong><\/em><br><strong>Adrien Allemandet <br>04 75 27 68 24 ou 07 86 47 72 43<\/strong><\/p>\n<\/div>\n\n\n\n<div class=\"wp-block-column is-layout-flow wp-block-column-is-layout-flow\" style=\"flex-basis:50%\">\n<p class=\"has-suki-color-7-color has-text-color has-medium-font-size\"><strong><a href=\"mailto:responsable.alsh@afb26.org\" data-type=\"mailto\" data-id=\"mailto:responsable.alsh@afb26.org\">responsable.alsh@afb26.org<\/a> <\/strong><\/p>\n<\/div>\n<\/div>\n\n\n\n<ul style=\"list-style-type: circle;\">\n<li><span style=\"color: #993366;\">Responsable Accueil de Loisirs<\/span><\/li>\n<\/ul>\n\n\n\n<div class=\"wp-block-columns is-layout-flex wp-container-core-columns-is-layout-9d6595d7 wp-block-columns-is-layout-flex\">\n<div class=\"wp-block-column is-layout-flow wp-block-column-is-layout-flow\">\n<p class=\"has-medium-font-size\"><strong><em>La Directrice du Centre Social &#8211; Association<br>Familiale des Baronnies<\/em><br>Manon Boyadjian <\/strong><\/p>\n<\/div>\n\n\n\n<div class=\"wp-block-column is-layout-flow wp-block-column-is-layout-flow\">\n<p class=\"has-suki-color-7-color has-text-color has-medium-font-size\"><a href=\"mailto:direction@afb26.org\"><strong>direction@afb26.org<\/strong><\/a><\/p>\n<\/div>\n<\/div>\n\n\n\n<p><\/p>\n\n\n\n<div class=\"wp-block-columns is-layout-flex wp-container-core-columns-is-layout-9d6595d7 wp-block-columns-is-layout-flex\">\n<div class=\"wp-block-column is-layout-flow wp-block-column-is-layout-flow\">\n<p class=\"has-medium-font-size\"><strong><em>Comptabilit\u00e9<\/em><\/strong><br><strong>Laura Ponzo 04 75 28 17 28 <\/strong><\/p>\n<\/div>\n\n\n\n<div class=\"wp-block-column is-layout-flow wp-block-column-is-layout-flow\">\n<p class=\"has-suki-color-7-color has-text-color has-medium-font-size\"> <a href=\"mailto:compta@afb26.org\"><strong>compta@afb26.org<\/strong><\/a><\/p>\n<\/div>\n<\/div>\n\n\n\n<p><\/p>\n","protected":false},"excerpt":{"rendered":"<p>Accueil et communication Aurore Boudet 04 75 28 17 28 accueil@afb26.org du lundi au vendredi de 9h \u00e0 12h30les mardis et jeudi de 13h30 \u00e0 16h30 sur Rendez vous Mise \u00e0 disposition de 2 roues Mise \u00e0 disposition de v\u00e9lo \u00e9lectrique Mobilit\u00e9 : veille, infos Gestion du planning des salles et mini bus pour les &hellip;<\/p>\n","protected":false},"author":5,"featured_media":0,"parent":0,"menu_order":0,"comment_status":"closed","ping_status":"closed","template":"","meta":{"footnotes":""},"class_list":["post-91","page","type-page","status-publish","hentry"],"_links":{"self":[{"href":"https:\/\/afb26.org\/index.php?rest_route=\/wp\/v2\/pages\/91","targetHints":{"allow":["GET"]}}],"collection":[{"href":"https:\/\/afb26.org\/index.php?rest_route=\/wp\/v2\/pages"}],"about":[{"href":"https:\/\/afb26.org\/index.php?rest_route=\/wp\/v2\/types\/page"}],"author":[{"embeddable":true,"href":"https:\/\/afb26.org\/index.php?rest_route=\/wp\/v2\/users\/5"}],"replies":[{"embeddable":true,"href":"https:\/\/afb26.org\/index.php?rest_route=%2Fwp%2Fv2%2Fcomments&post=91"}],"version-history":[{"count":65,"href":"https:\/\/afb26.org\/index.php?rest_route=\/wp\/v2\/pages\/91\/revisions"}],"predecessor-version":[{"id":7070,"href":"https:\/\/afb26.org\/index.php?rest_route=\/wp\/v2\/pages\/91\/revisions\/7070"}],"wp:attachment":[{"href":"https:\/\/afb26.org\/index.php?rest_route=%2Fwp%2Fv2%2Fmedia&parent=91"}],"curies":[{"name":"wp","href":"https:\/\/api.w.org\/{rel}","templated":true}]}}

<div class="wp-block-columns is-layout-flex wp-container-core-columns-is-layout-9d6595d7 wp-block-columns-is-layout-flex">
<div class="wp-block-column is-vertically-aligned-bottom is-layout-flow wp-block-column-is-layout-flow">
<p class="has-medium-font-size"><strong><em>Accueil et communication</em></strong> <br> <strong>Aurore Boudet</strong> <strong>04 75 28 17 28</strong></p>
</div>



<div class="wp-block-column is-vertically-aligned-bottom is-layout-flow wp-block-column-is-layout-flow">
<p class="has-suki-color-7-color has-text-color has-medium-font-size"><strong><a href="mailto:secretariat@afb26.org">accueil@afb26.org</a></strong></p>
</div>
</div>



<p class="has-suki-color-5-color has-text-color has-link-color has-medium-font-size wp-elements-70e113c8f2b3dea5e5df49690122aaaa"><em><strong>du lundi au vendredi </strong>de 9h à 12h30<br><strong>les mardis et jeudi</strong> de 13h30 à 16h30 <strong>sur Rendez vous</strong></em></p>



<ul style="list-style-type: circle;">
<li class="has-suki-color-2-color has-text-color"><a href="https://afb26.org/?page_id=3767"><span style="color: #993366;">Mise à disposition de 2 roues</span></a></li>
<li><a href="https://afb26.org/?page_id=3769"><span style="color: #993366;">Mise à disposition de vélo électrique</span></a></li>
<li><span style="color: #993366;">Mobilité : veille, infos</span></li>
<li class="has-suki-color-2-color has-text-color"><span style="color: #993366;"><a href="https://afb26.org/?page_id=3770">Gestion du planning des salles et mini bus pour les associations</a><br></span></li>
<li class="has-suki-color-2-color has-text-color"><span style="color: #993366;">Travail sur les supports d’information au public : site internet, Facebook, Instagram</span></li>
</ul>



<div class="wp-block-columns is-layout-flex wp-container-core-columns-is-layout-9d6595d7 wp-block-columns-is-layout-flex">
<div class="wp-block-column is-layout-flow wp-block-column-is-layout-flow">
<p class="has-medium-font-size"><em><strong>La référente famille</strong></em><strong><em> et Animation Locale</em></strong><br><strong> Flavie Boutillot</strong> <strong>06 73 65 51 17</strong></p>
</div>



<div class="wp-block-column is-layout-flow wp-block-column-is-layout-flow">
<p class="has-suki-color-7-color has-text-color has-medium-font-size"><br><strong><a href="mailto:responsable.alsh@afb26.org">referente.famille@afb26.org</a></strong></p>
</div>
</div>



<ul style="list-style-type: circle;">
<li><span style="color: #993366;">Projet Famille</span></li>
<li><span style="color: #993366;">Développement des actions adultes</span></li>
<li class="has-suki-color-2-color has-text-color"><span style="color: #993366;">Ateliers Sociolinguistiques</span></li>
<li class="has-suki-color-2-color has-text-color"><span style="color: #993366;">Accompagnement à la scolarité</span></li>
<li class="has-suki-color-2-color has-text-color"><span style="color: #993366;">Animation Développement Locale</span></li>
</ul>



<div class="wp-block-columns is-layout-flex wp-container-core-columns-is-layout-9d6595d7 wp-block-columns-is-layout-flex">
<div class="wp-block-column is-vertically-aligned-bottom is-layout-flow wp-block-column-is-layout-flow">
<div class="wp-block-columns is-layout-flex wp-container-core-columns-is-layout-9d6595d7 wp-block-columns-is-layout-flex">
<div class="wp-block-column is-layout-flow wp-block-column-is-layout-flow" style="flex-basis:100%">
<p class="has-medium-font-size"><em><strong>Les Souris vertes, Multi-accueil</strong></em><br><strong>Céline Jacquemond</strong>&nbsp;<strong>04 75 28 17 20</strong></p>
</div>
</div>
</div>



<div class="wp-block-column is-vertically-aligned-bottom is-layout-flow wp-block-column-is-layout-flow">
<p></p>



<p class="has-suki-color-7-color has-text-color has-medium-font-size"><strong><a href="mailto:responsable.svtes@afb26.org">responsable.svtes@afb26.org</a></strong></p>
</div>
</div>



<ul style="list-style-type: circle;">
<li><span style="color: #993366;">Responsable Multi-accueil</span></li>
</ul>



<div class="wp-block-columns is-layout-flex wp-container-core-columns-is-layout-9d6595d7 wp-block-columns-is-layout-flex">
<div class="wp-block-column is-layout-flow wp-block-column-is-layout-flow" style="flex-basis:50%">
<p class="has-medium-font-size"><em><strong>Le Chat Botté 3 &#8211; 11 ans, Accueil de Loisirs</strong></em><br><strong>Adrien Allemandet <br>04 75 27 68 24 ou 07 86 47 72 43</strong></p>
</div>



<div class="wp-block-column is-layout-flow wp-block-column-is-layout-flow" style="flex-basis:50%">
<p class="has-suki-color-7-color has-text-color has-medium-font-size"><strong><a href="mailto:responsable.alsh@afb26.org" data-type="mailto" data-id="mailto:responsable.alsh@afb26.org">responsable.alsh@afb26.org</a> </strong></p>
</div>
</div>



<ul style="list-style-type: circle;">
<li><span style="color: #993366;">Responsable Accueil de Loisirs</span></li>
</ul>



<div class="wp-block-columns is-layout-flex wp-container-core-columns-is-layout-9d6595d7 wp-block-columns-is-layout-flex">
<div class="wp-block-column is-layout-flow wp-block-column-is-layout-flow">
<p class="has-medium-font-size"><strong><em>La Directrice du Centre Social &#8211; Association<br>Familiale des Baronnies</em><br>Manon Boyadjian </strong></p>
</div>



<div class="wp-block-column is-layout-flow wp-block-column-is-layout-flow">
<p class="has-suki-color-7-color has-text-color has-medium-font-size"><a href="mailto:direction@afb26.org"><strong>direction@afb26.org</strong></a></p>
</div>
</div>



<p></p>



<div class="wp-block-columns is-layout-flex wp-container-core-columns-is-layout-9d6595d7 wp-block-columns-is-layout-flex">
<div class="wp-block-column is-layout-flow wp-block-column-is-layout-flow">
<p class="has-medium-font-size"><strong><em>Comptabilité</em></strong><br><strong>Laura Ponzo 04 75 28 17 28 </strong></p>
</div>



<div class="wp-block-column is-layout-flow wp-block-column-is-layout-flow">
<p class="has-suki-color-7-color has-text-color has-medium-font-size"> <a href="mailto:compta@afb26.org"><strong>compta@afb26.org</strong></a></p>
</div>
</div>



<p></p>

<p>Accueil et communication Aurore Boudet 04 75 28 17 28 accueil@afb26.org du lundi au vendredi de 9h à 12h30les mardis et jeudi de 13h30 à 16h30 sur Rendez vous Mise à disposition de 2 roues Mise à disposition de vélo électrique Mobilité : veille, infos Gestion du planning des salles et mini bus pour les &hellip;</p>
